{"id":1629,"date":"2022-05-16T23:30:51","date_gmt":"2022-05-16T23:30:51","guid":{"rendered":"http:\/\/www.cdiluzdovegetal.com.br\/?page_id=1629"},"modified":"2022-05-21T16:26:14","modified_gmt":"2022-05-21T16:26:14","slug":"mestre-fundadora","status":"publish","type":"page","link":"https:\/\/www.cdiluzdovegetal.com.br\/?page_id=1629","title":{"rendered":"Mestre Fundadora"},"content":{"rendered":"<h3>\u00a0Elza Carolina Piacentini<\/h3>\n<p><a href=\"https:\/\/www.cdiluzdovegetal.com.br\/wp-content\/uploads\/2021\/06\/WhatsApp-Image-2021-06-29-at-15.05.46.jpeg\"><img loading=\"lazy\" decoding=\"async\" class=\" wp-image-1571 alignleft\" src=\"https:\/\/www.cdiluzdovegetal.com.br\/wp-content\/uploads\/2021\/06\/WhatsApp-Image-2021-06-29-at-15.05.46-273x300.jpeg\" alt=\"\" width=\"243\" height=\"267\" srcset=\"https:\/\/www.cdiluzdovegetal.com.br\/wp-content\/uploads\/2021\/06\/WhatsApp-Image-2021-06-29-at-15.05.46-273x300.jpeg 273w, https:\/\/www.cdiluzdovegetal.com.br\/wp-content\/uploads\/2021\/06\/WhatsApp-Image-2021-06-29-at-15.05.46-230x252.jpeg 230w, https:\/\/www.cdiluzdovegetal.com.br\/wp-content\/uploads\/2021\/06\/WhatsApp-Image-2021-06-29-at-15.05.46-350x384.jpeg 350w, https:\/\/www.cdiluzdovegetal.com.br\/wp-content\/uploads\/2021\/06\/WhatsApp-Image-2021-06-29-at-15.05.46-480x527.jpeg 480w, https:\/\/www.cdiluzdovegetal.com.br\/wp-content\/uploads\/2021\/06\/WhatsApp-Image-2021-06-29-at-15.05.46.jpeg 573w\" sizes=\"auto, (max-width: 243px) 100vw, 243px\" \/><\/a><\/p>\n<p>Nasceu em 14 de setembro de 1946 em S\u00e3o Paulo. Como forma\u00e7\u00e3o acad\u00eamica, cursou as faculdades de M\u00fasica e Letras, al\u00e9m de ter estudado Sociologia, Antropologia, Hist\u00f3ria e Pol\u00edtica na USP. Em 1977 foi pela primeira vez para a \u00cdndia, onde aprendeu v\u00e1rias t\u00e9cnicas de autoconhecimento no Ashram do Osho, tendo sido sua tradutora oficial no Brasil por v\u00e1rios anos. Estudou Psicologia, principalmente a transpessoal e liderou o departamento de terapias na Comunidade do Osho no Brasil. Formou-se tamb\u00e9m Constela\u00e7\u00f5es Familiares com Peter Spelter.<\/p>\n<p>Foi\u00a0 dirigente, al\u00e9m do Centro de de Desenvolvimento Integrado Luz do Vegetal, tamb\u00e9m do Spa\u00e7o Sollua, onde trabalhou como terapeuta transpessoal at\u00e9 o ano de 2021, ano em que fez a passagem.<\/p>\n<p>&nbsp;<\/p>\n<p><a href=\"https:\/\/www.cdiluzdovegetal.com.br\/wp-content\/uploads\/2021\/10\/246405049_4550354071652134_1246582978249762939_n.jpg\">\u00a0<\/a><a href=\"https:\/\/www.cdiluzdovegetal.com.br\/wp-content\/uploads\/2022\/05\/246151226_10227167104383926_5868858641404534262_n-300x169.jpg\"><img loading=\"lazy\" decoding=\"async\" class=\"alignnone wp-image-1679\" src=\"https:\/\/www.cdiluzdovegetal.com.br\/wp-content\/uploads\/2022\/05\/246151226_10227167104383926_5868858641404534262_n-300x169.jpg\" alt=\"\" width=\"277\" height=\"152\" srcset=\"https:\/\/www.cdiluzdovegetal.com.br\/wp-content\/uploads\/2022\/05\/246151226_10227167104383926_5868858641404534262_n-300x169.jpg 270w, https:\/\/www.cdiluzdovegetal.com.br\/wp-content\/uploads\/2022\/05\/246151226_10227167104383926_5868858641404534262_n-300x169-230x126.jpg 230w\" sizes=\"auto, (max-width: 277px) 100vw, 277px\" \/><\/a>\u00a0<a href=\"https:\/\/www.cdiluzdovegetal.com.br\/wp-content\/uploads\/2022\/05\/246405049_4550354071652134_1246582978249762939_n-300x300.jpg\"><img loading=\"lazy\" decoding=\"async\" class=\"alignnone wp-image-1680\" src=\"https:\/\/www.cdiluzdovegetal.com.br\/wp-content\/uploads\/2022\/05\/246405049_4550354071652134_1246582978249762939_n-300x300.jpg\" alt=\"\" width=\"268\" height=\"152\" srcset=\"https:\/\/www.cdiluzdovegetal.com.br\/wp-content\/uploads\/2022\/05\/246405049_4550354071652134_1246582978249762939_n-300x300.jpg 270w, https:\/\/www.cdiluzdovegetal.com.br\/wp-content\/uploads\/2022\/05\/246405049_4550354071652134_1246582978249762939_n-300x300-230x130.jpg 230w\" sizes=\"auto, (max-width: 268px) 100vw, 268px\" \/><\/a>\u00a0<a href=\"https:\/\/www.cdiluzdovegetal.com.br\/wp-content\/uploads\/2022\/05\/246808585_419269256237219_7593650425452196753_n-e1646312973204-300x85.jpg\"><img loading=\"lazy\" decoding=\"async\" class=\"alignnone wp-image-1681\" src=\"https:\/\/www.cdiluzdovegetal.com.br\/wp-content\/uploads\/2022\/05\/246808585_419269256237219_7593650425452196753_n-e1646312973204-300x85.jpg\" alt=\"\" width=\"285\" height=\"157\" srcset=\"https:\/\/www.cdiluzdovegetal.com.br\/wp-content\/uploads\/2022\/05\/246808585_419269256237219_7593650425452196753_n-e1646312973204-300x85.jpg 272w, https:\/\/www.cdiluzdovegetal.com.br\/wp-content\/uploads\/2022\/05\/246808585_419269256237219_7593650425452196753_n-e1646312973204-300x85-230x127.jpg 230w\" sizes=\"auto, (max-width: 285px) 100vw, 285px\" \/><\/a>\u00a0<a href=\"https:\/\/www.cdiluzdovegetal.com.br\/wp-content\/uploads\/2022\/05\/Elza-na-Floresta.jpeg\"><img loading=\"lazy\" decoding=\"async\" class=\"alignnone size-medium wp-image-1682\" src=\"https:\/\/www.cdiluzdovegetal.com.br\/wp-content\/uploads\/2022\/05\/Elza-na-Floresta.jpeg\" alt=\"\" width=\"270\" height=\"156\" srcset=\"https:\/\/www.cdiluzdovegetal.com.br\/wp-content\/uploads\/2022\/05\/Elza-na-Floresta.jpeg 270w, https:\/\/www.cdiluzdovegetal.com.br\/wp-content\/uploads\/2022\/05\/Elza-na-Floresta-230x133.jpeg 230w\" sizes=\"auto, (max-width: 270px) 100vw, 270px\" \/><\/a><\/p>\n","protected":false},"excerpt":{"rendered":"<p>\u00a0Elza Carolina Piacentini Nasceu em 14 de setembro de 1946 em S\u00e3o Paulo. Como forma\u00e7\u00e3o acad\u00eamica, cursou as faculdades de M\u00fasica e [&hellip;]<\/p>\n","protected":false},"author":1,"featured_media":0,"parent":0,"menu_order":0,"comment_status":"closed","ping_status":"closed","template":"page-templates\/page_fullwidth.php","meta":{"footnotes":""},"class_list":["post-1629","page","type-page","status-publish","hentry"],"_links":{"self":[{"href":"https:\/\/www.cdiluzdovegetal.com.br\/index.php?rest_route=\/wp\/v2\/pages\/1629","targetHints":{"allow":["GET"]}}],"collection":[{"href":"https:\/\/www.cdiluzdovegetal.com.br\/index.php?rest_route=\/wp\/v2\/pages"}],"about":[{"href":"https:\/\/www.cdiluzdovegetal.com.br\/index.php?rest_route=\/wp\/v2\/types\/page"}],"author":[{"embeddable":true,"href":"https:\/\/www.cdiluzdovegetal.com.br\/index.php?rest_route=\/wp\/v2\/users\/1"}],"replies":[{"embeddable":true,"href":"https:\/\/www.cdiluzdovegetal.com.br\/index.php?rest_route=%2Fwp%2Fv2%2Fcomments&post=1629"}],"version-history":[{"count":16,"href":"https:\/\/www.cdiluzdovegetal.com.br\/index.php?rest_route=\/wp\/v2\/pages\/1629\/revisions"}],"predecessor-version":[{"id":1701,"href":"https:\/\/www.cdiluzdovegetal.com.br\/index.php?rest_route=\/wp\/v2\/pages\/1629\/revisions\/1701"}],"wp:attachment":[{"href":"https:\/\/www.cdiluzdovegetal.com.br\/index.php?rest_route=%2Fwp%2Fv2%2Fmedia&parent=1629"}],"curies":[{"name":"wp","href":"https:\/\/api.w.org\/{rel}","templated":true}]}}