{"id":205,"date":"2011-08-23T14:53:22","date_gmt":"2011-08-23T14:53:22","guid":{"rendered":"http:\/\/www.agenciaterra.com\/clientes\/ldv\/?page_id=205"},"modified":"2025-03-01T01:34:09","modified_gmt":"2025-03-01T01:34:09","slug":"mestre-representante","status":"publish","type":"page","link":"https:\/\/www.cdiluzdovegetal.com.br\/?page_id=205","title":{"rendered":"Mestres Representantes"},"content":{"rendered":"<table>\n<tbody>\n<tr>\n<td style=\"text-align: center;\"><a href=\"https:\/\/www.cdiluzdovegetal.com.br\/wp-content\/uploads\/2011\/08\/264664_105164889580508_5297793_n1-e1524138220220.jpg\"><img loading=\"lazy\" decoding=\"async\" class=\"alignnone size-medium wp-image-1166\" src=\"https:\/\/www.cdiluzdovegetal.com.br\/wp-content\/uploads\/2011\/08\/264664_105164889580508_5297793_n1-e1524138220220-300x274.jpg\" alt=\"\" width=\"300\" height=\"274\" srcset=\"https:\/\/www.cdiluzdovegetal.com.br\/wp-content\/uploads\/2011\/08\/264664_105164889580508_5297793_n1-e1524138220220-300x274.jpg 300w, https:\/\/www.cdiluzdovegetal.com.br\/wp-content\/uploads\/2011\/08\/264664_105164889580508_5297793_n1-e1524138220220-230x210.jpg 230w, https:\/\/www.cdiluzdovegetal.com.br\/wp-content\/uploads\/2011\/08\/264664_105164889580508_5297793_n1-e1524138220220-350x319.jpg 350w, https:\/\/www.cdiluzdovegetal.com.br\/wp-content\/uploads\/2011\/08\/264664_105164889580508_5297793_n1-e1524138220220-480x438.jpg 480w, https:\/\/www.cdiluzdovegetal.com.br\/wp-content\/uploads\/2011\/08\/264664_105164889580508_5297793_n1-e1524138220220.jpg 579w\" sizes=\"auto, (max-width: 300px) 100vw, 300px\" \/><\/a><br \/>\n<strong>Francisco de Assis Gomes da Silva<\/strong><br \/>\nMestre Representante da Sede<br \/>\nLuz do Vegetal<\/td>\n<td>\n<p style=\"text-align: center;\"><a href=\"https:\/\/www.cdiluzdovegetal.com.br\/wp-content\/uploads\/2024\/05\/Imagem-do-WhatsApp-de-2024-05-15-\u00e0s-11.46.48_96d4b019.jpg\">\u00a0 <img loading=\"lazy\" decoding=\"async\" class=\"alignnone  wp-image-1890\" src=\"https:\/\/www.cdiluzdovegetal.com.br\/wp-content\/uploads\/2024\/05\/Imagem-do-WhatsApp-de-2024-05-15-\u00e0s-11.46.48_96d4b019-300x278.jpg\" alt=\"\" width=\"276\" height=\"256\" srcset=\"https:\/\/www.cdiluzdovegetal.com.br\/wp-content\/uploads\/2024\/05\/Imagem-do-WhatsApp-de-2024-05-15-\u00e0s-11.46.48_96d4b019-300x278.jpg 300w, https:\/\/www.cdiluzdovegetal.com.br\/wp-content\/uploads\/2024\/05\/Imagem-do-WhatsApp-de-2024-05-15-\u00e0s-11.46.48_96d4b019-768x712.jpg 768w, https:\/\/www.cdiluzdovegetal.com.br\/wp-content\/uploads\/2024\/05\/Imagem-do-WhatsApp-de-2024-05-15-\u00e0s-11.46.48_96d4b019-1024x950.jpg 1024w, https:\/\/www.cdiluzdovegetal.com.br\/wp-content\/uploads\/2024\/05\/Imagem-do-WhatsApp-de-2024-05-15-\u00e0s-11.46.48_96d4b019.jpg 1600w\" sizes=\"auto, (max-width: 276px) 100vw, 276px\" \/><\/a><\/p>\n<p style=\"text-align: center;\">Patr\u00edcia Aguilera<br \/>\nMestre Representante do N\u00facleo<br \/>\nEstrela da Manh\u00e3<\/p>\n<\/td>\n<\/tr>\n<\/tbody>\n<\/table>\n<p><em>Ao Mestre Representante cabe:<\/em><br \/>\nDeterminar como ser\u00e1 realizada a distribui\u00e7\u00e3o do Vegetal nas Sess\u00f5es de Escala e Extras; Escalar Sess\u00f5es Extras; Dirigir ou designar um mestre para dirigir as Sess\u00f5es de Escala e Sess\u00f5es Extras; Entrevistar, ou designar algu\u00e9m para entrevistar as pessoas interessadas a participar das Sess\u00f5es pela primeira vez; e, Controlar e zelar pelo plantio de Mariri e da Chacrona.<\/p>\n<p><strong>MESTRES REPRESENTANTES ANTERIORES:<\/strong><\/p>\n<p><strong>Ricardo Ferreira<\/strong><br \/>\nMestre Representante da sede Luz do Vegetal de 06\/01\/24 a 27\/01\/25<\/p>\n<p><strong>Zelinda Paschoalick<\/strong><br \/>\nMestre Representante da sede Luz do Vegetal de 06\/01\/22 a 06\/01\/24<br \/>\n<strong>Ricardo Ferreira<\/strong><br \/>\nMestre Representante do N\u00facleo Estrela da Manh\u00e3 de 06\/01\/22 a 06\/01\/24<\/p>\n<p><strong>Ruy Luis de Andrade Cleto<\/strong><br \/>\nMestre Representante da sede Luz do Vegetal de 06\/01\/20 a 06\/01\/22<br \/>\n<strong>Nanci Ivete Raminelli<\/strong><br \/>\nMestre Representante do N\u00facleo Estrela da Manh\u00e3\u00a0de 06\/01\/20 a 06\/01\/22<\/p>\n<p><strong>Everaldo Ramos da Costa<\/strong><br \/>\nMestre representante na administra\u00e7\u00e3o de 06\/01\/18 a 04\/01\/20<\/p>\n<p><strong>Francisco de Assis Gomes da Silva \/ Marco Antonio Aguilera<\/strong><br \/>\nMestres representantes na administra\u00e7\u00e3o de 06\/01\/2015 a 05\/01\/2018.<\/p>\n<p><strong>Marco Antonio Aguilera<\/strong><br \/>\nMestre representante na administra\u00e7\u00e3o de 21\/09\/2014 a 05\/01\/2015.<\/p>\n<p><strong>Ant\u00f4nio Paulo Bozoli:<\/strong><br \/>\nMestre representante na administra\u00e7\u00e3o de 06\/01\/2013 a 20\/09\/2014<\/p>\n<p><strong>Marco Antonio Aguilera<\/strong><br \/>\nMestre representante na administra\u00e7\u00e3o de 06\/01\/2011 a 05\/01\/2013.<\/p>\n<p><strong>Nanci Ivete Raminelli<\/strong><br \/>\nMestre representante na administra\u00e7\u00e3o de 06\/01\/2009 a 05\/01\/2011.<\/p>\n<p><strong>Ant\u00f4nio Paulo Bozoli<\/strong><br \/>\nMestre representante na administra\u00e7\u00e3o de 06\/01\/2007 a 05\/01\/2009.<\/p>\n","protected":false},"excerpt":{"rendered":"<p>Francisco de Assis Gomes da Silva Mestre Representante da Sede Luz do Vegetal \u00a0 Patr\u00edcia Aguilera Mestre Representante do N\u00facleo Estrela da [&hellip;]<\/p>\n","protected":false},"author":1,"featured_media":0,"parent":196,"menu_order":0,"comment_status":"open","ping_status":"open","template":"","meta":{"footnotes":""},"class_list":["post-205","page","type-page","status-publish","hentry"],"_links":{"self":[{"href":"https:\/\/www.cdiluzdovegetal.com.br\/index.php?rest_route=\/wp\/v2\/pages\/205","targetHints":{"allow":["GET"]}}],"collection":[{"href":"https:\/\/www.cdiluzdovegetal.com.br\/index.php?rest_route=\/wp\/v2\/pages"}],"about":[{"href":"https:\/\/www.cdiluzdovegetal.com.br\/index.php?rest_route=\/wp\/v2\/types\/page"}],"author":[{"embeddable":true,"href":"https:\/\/www.cdiluzdovegetal.com.br\/index.php?rest_route=\/wp\/v2\/users\/1"}],"replies":[{"embeddable":true,"href":"https:\/\/www.cdiluzdovegetal.com.br\/index.php?rest_route=%2Fwp%2Fv2%2Fcomments&post=205"}],"version-history":[{"count":20,"href":"https:\/\/www.cdiluzdovegetal.com.br\/index.php?rest_route=\/wp\/v2\/pages\/205\/revisions"}],"predecessor-version":[{"id":1926,"href":"https:\/\/www.cdiluzdovegetal.com.br\/index.php?rest_route=\/wp\/v2\/pages\/205\/revisions\/1926"}],"up":[{"embeddable":true,"href":"https:\/\/www.cdiluzdovegetal.com.br\/index.php?rest_route=\/wp\/v2\/pages\/196"}],"wp:attachment":[{"href":"https:\/\/www.cdiluzdovegetal.com.br\/index.php?rest_route=%2Fwp%2Fv2%2Fmedia&parent=205"}],"curies":[{"name":"wp","href":"https:\/\/api.w.org\/{rel}","templated":true}]}}

<table>
<tbody>
<tr>
<td style="text-align: center;"><a href="https://www.cdiluzdovegetal.com.br/wp-content/uploads/2011/08/264664_105164889580508_5297793_n1-e1524138220220.jpg"><img loading="lazy" decoding="async" class="alignnone size-medium wp-image-1166" src="https://www.cdiluzdovegetal.com.br/wp-content/uploads/2011/08/264664_105164889580508_5297793_n1-e1524138220220-300x274.jpg" alt="" width="300" height="274" srcset="https://www.cdiluzdovegetal.com.br/wp-content/uploads/2011/08/264664_105164889580508_5297793_n1-e1524138220220-300x274.jpg 300w, https://www.cdiluzdovegetal.com.br/wp-content/uploads/2011/08/264664_105164889580508_5297793_n1-e1524138220220-230x210.jpg 230w, https://www.cdiluzdovegetal.com.br/wp-content/uploads/2011/08/264664_105164889580508_5297793_n1-e1524138220220-350x319.jpg 350w, https://www.cdiluzdovegetal.com.br/wp-content/uploads/2011/08/264664_105164889580508_5297793_n1-e1524138220220-480x438.jpg 480w, https://www.cdiluzdovegetal.com.br/wp-content/uploads/2011/08/264664_105164889580508_5297793_n1-e1524138220220.jpg 579w" sizes="auto, (max-width: 300px) 100vw, 300px" /></a><br />
<strong>Francisco de Assis Gomes da Silva</strong><br />
Mestre Representante da Sede<br />
Luz do Vegetal</td>
<td>
<p style="text-align: center;"><a href="https://www.cdiluzdovegetal.com.br/wp-content/uploads/2024/05/Imagem-do-WhatsApp-de-2024-05-15-às-11.46.48_96d4b019.jpg">  <img loading="lazy" decoding="async" class="alignnone  wp-image-1890" src="https://www.cdiluzdovegetal.com.br/wp-content/uploads/2024/05/Imagem-do-WhatsApp-de-2024-05-15-às-11.46.48_96d4b019-300x278.jpg" alt="" width="276" height="256" srcset="https://www.cdiluzdovegetal.com.br/wp-content/uploads/2024/05/Imagem-do-WhatsApp-de-2024-05-15-às-11.46.48_96d4b019-300x278.jpg 300w, https://www.cdiluzdovegetal.com.br/wp-content/uploads/2024/05/Imagem-do-WhatsApp-de-2024-05-15-às-11.46.48_96d4b019-768x712.jpg 768w, https://www.cdiluzdovegetal.com.br/wp-content/uploads/2024/05/Imagem-do-WhatsApp-de-2024-05-15-às-11.46.48_96d4b019-1024x950.jpg 1024w, https://www.cdiluzdovegetal.com.br/wp-content/uploads/2024/05/Imagem-do-WhatsApp-de-2024-05-15-às-11.46.48_96d4b019.jpg 1600w" sizes="auto, (max-width: 276px) 100vw, 276px" /></a></p>
<p style="text-align: center;">Patrícia Aguilera<br />
Mestre Representante do Núcleo<br />
Estrela da Manhã</p>
</td>
</tr>
</tbody>
</table>
<p><em>Ao Mestre Representante cabe:</em><br />
Determinar como será realizada a distribuição do Vegetal nas Sessões de Escala e Extras; Escalar Sessões Extras; Dirigir ou designar um mestre para dirigir as Sessões de Escala e Sessões Extras; Entrevistar, ou designar alguém para entrevistar as pessoas interessadas a participar das Sessões pela primeira vez; e, Controlar e zelar pelo plantio de Mariri e da Chacrona.</p>
<p><strong>MESTRES REPRESENTANTES ANTERIORES:</strong></p>
<p><strong>Ricardo Ferreira</strong><br />
Mestre Representante da sede Luz do Vegetal de 06/01/24 a 27/01/25</p>
<p><strong>Zelinda Paschoalick</strong><br />
Mestre Representante da sede Luz do Vegetal de 06/01/22 a 06/01/24<br />
<strong>Ricardo Ferreira</strong><br />
Mestre Representante do Núcleo Estrela da Manhã de 06/01/22 a 06/01/24</p>
<p><strong>Ruy Luis de Andrade Cleto</strong><br />
Mestre Representante da sede Luz do Vegetal de 06/01/20 a 06/01/22<br />
<strong>Nanci Ivete Raminelli</strong><br />
Mestre Representante do Núcleo Estrela da Manhã de 06/01/20 a 06/01/22</p>
<p><strong>Everaldo Ramos da Costa</strong><br />
Mestre representante na administração de 06/01/18 a 04/01/20</p>
<p><strong>Francisco de Assis Gomes da Silva / Marco Antonio Aguilera</strong><br />
Mestres representantes na administração de 06/01/2015 a 05/01/2018.</p>
<p><strong>Marco Antonio Aguilera</strong><br />
Mestre representante na administração de 21/09/2014 a 05/01/2015.</p>
<p><strong>Antônio Paulo Bozoli:</strong><br />
Mestre representante na administração de 06/01/2013 a 20/09/2014</p>
<p><strong>Marco Antonio Aguilera</strong><br />
Mestre representante na administração de 06/01/2011 a 05/01/2013.</p>
<p><strong>Nanci Ivete Raminelli</strong><br />
Mestre representante na administração de 06/01/2009 a 05/01/2011.</p>
<p><strong>Antônio Paulo Bozoli</strong><br />
Mestre representante na administração de 06/01/2007 a 05/01/2009.</p>

<p>Francisco de Assis Gomes da Silva Mestre Representante da Sede Luz do Vegetal   Patrícia Aguilera Mestre Representante do Núcleo Estrela da [&hellip;]</p>
