{"id":207,"date":"2011-08-23T14:55:58","date_gmt":"2011-08-23T14:55:58","guid":{"rendered":"http:\/\/www.agenciaterra.com\/clientes\/ldv\/?page_id=207"},"modified":"2025-03-01T01:36:09","modified_gmt":"2025-03-01T01:36:09","slug":"quadro-de-mestres","status":"publish","type":"page","link":"https:\/\/www.cdiluzdovegetal.com.br\/?page_id=207","title":{"rendered":"Quadro de Mestres"},"content":{"rendered":"<p>Os membros do quadro de mestres t\u00eam como principal fun\u00e7\u00e3o auxiliar o Mestre Dirigente e o Mestre Representante no desenvolvimento de suas fun\u00e7\u00f5es e zelar pela harmonia e equil\u00edbrio de toda irmandade. S\u00e3o eles:<\/p>\n<table style=\"height: 1298px;\" width=\"637\">\n<tbody>\n<tr>\n<td style=\"text-align: center;\">\n<p><figure id=\"attachment_1176\" aria-describedby=\"caption-attachment-1176\" style=\"width: 264px\" class=\"wp-caption aligncenter\"><a href=\"https:\/\/www.cdiluzdovegetal.com.br\/wp-content\/uploads\/2011\/08\/paulo.jpg\"><img loading=\"lazy\" decoding=\"async\" class=\"wp-image-1176 \" src=\"https:\/\/www.cdiluzdovegetal.com.br\/wp-content\/uploads\/2011\/08\/paulo.jpg\" alt=\"paulo\" width=\"264\" height=\"239\" \/><\/a><figcaption id=\"caption-attachment-1176\" class=\"wp-caption-text\">Antonio Paulo Bozoli<\/figcaption><\/figure><\/td>\n<td>\n<p style=\"text-align: center;\"><a href=\"https:\/\/www.cdiluzdovegetal.com.br\/wp-content\/uploads\/2021\/06\/Sem-t\u00edtulo.png\"><img loading=\"lazy\" decoding=\"async\" class=\"alignnone wp-image-1572\" src=\"https:\/\/www.cdiluzdovegetal.com.br\/wp-content\/uploads\/2021\/06\/Sem-t\u00edtulo-300x280.png\" alt=\"\" width=\"270\" height=\"252\" srcset=\"https:\/\/www.cdiluzdovegetal.com.br\/wp-content\/uploads\/2021\/06\/Sem-t\u00edtulo-300x280.png 300w, https:\/\/www.cdiluzdovegetal.com.br\/wp-content\/uploads\/2021\/06\/Sem-t\u00edtulo-230x214.png 230w, https:\/\/www.cdiluzdovegetal.com.br\/wp-content\/uploads\/2021\/06\/Sem-t\u00edtulo-350x326.png 350w, https:\/\/www.cdiluzdovegetal.com.br\/wp-content\/uploads\/2021\/06\/Sem-t\u00edtulo.png 370w\" sizes=\"auto, (max-width: 270px) 100vw, 270px\" \/><\/a><\/p>\n<p style=\"text-align: center;\">Floriswaldo Vicente<\/p>\n<\/td>\n<\/tr>\n<tr>\n<td style=\"text-align: center;\"><a href=\"https:\/\/www.cdiluzdovegetal.com.br\/wp-content\/uploads\/2011\/08\/264664_105164889580508_5297793_n1-e1524138220220.jpg\"><img loading=\"lazy\" decoding=\"async\" class=\"wp-image-1166 aligncenter\" src=\"https:\/\/www.cdiluzdovegetal.com.br\/wp-content\/uploads\/2011\/08\/264664_105164889580508_5297793_n1-e1524138220220-300x274.jpg\" alt=\"\" width=\"275\" height=\"251\" srcset=\"https:\/\/www.cdiluzdovegetal.com.br\/wp-content\/uploads\/2011\/08\/264664_105164889580508_5297793_n1-e1524138220220-300x274.jpg 300w, https:\/\/www.cdiluzdovegetal.com.br\/wp-content\/uploads\/2011\/08\/264664_105164889580508_5297793_n1-e1524138220220-230x210.jpg 230w, https:\/\/www.cdiluzdovegetal.com.br\/wp-content\/uploads\/2011\/08\/264664_105164889580508_5297793_n1-e1524138220220-350x319.jpg 350w, https:\/\/www.cdiluzdovegetal.com.br\/wp-content\/uploads\/2011\/08\/264664_105164889580508_5297793_n1-e1524138220220-480x438.jpg 480w, https:\/\/www.cdiluzdovegetal.com.br\/wp-content\/uploads\/2011\/08\/264664_105164889580508_5297793_n1-e1524138220220.jpg 579w\" sizes=\"auto, (max-width: 275px) 100vw, 275px\" \/><\/a><\/p>\n<p>Francisco Gomes<\/td>\n<td style=\"text-align: center;\"><a href=\"https:\/\/www.cdiluzdovegetal.com.br\/wp-content\/uploads\/2021\/06\/Sem-t\u00edtulo-1.png\"><img loading=\"lazy\" decoding=\"async\" class=\"alignnone size-medium wp-image-1573\" src=\"https:\/\/www.cdiluzdovegetal.com.br\/wp-content\/uploads\/2021\/06\/Sem-t\u00edtulo-1-300x268.png\" alt=\"\" width=\"300\" height=\"268\" srcset=\"https:\/\/www.cdiluzdovegetal.com.br\/wp-content\/uploads\/2021\/06\/Sem-t\u00edtulo-1-300x268.png 300w, https:\/\/www.cdiluzdovegetal.com.br\/wp-content\/uploads\/2021\/06\/Sem-t\u00edtulo-1-230x206.png 230w, https:\/\/www.cdiluzdovegetal.com.br\/wp-content\/uploads\/2021\/06\/Sem-t\u00edtulo-1.png 310w\" sizes=\"auto, (max-width: 300px) 100vw, 300px\" \/><\/a><\/p>\n<p>Ivana Scotelari<\/td>\n<\/tr>\n<tr>\n<td style=\"text-align: center;\"><a href=\"https:\/\/www.cdiluzdovegetal.com.br\/wp-content\/uploads\/2021\/06\/WhatsApp-Image-2021-06-29-at-15.04.25-1.jpeg\"><img loading=\"lazy\" decoding=\"async\" class=\"alignnone size-medium wp-image-1570\" src=\"https:\/\/www.cdiluzdovegetal.com.br\/wp-content\/uploads\/2021\/06\/WhatsApp-Image-2021-06-29-at-15.04.25-1-285x300.jpeg\" alt=\"\" width=\"285\" height=\"300\" srcset=\"https:\/\/www.cdiluzdovegetal.com.br\/wp-content\/uploads\/2021\/06\/WhatsApp-Image-2021-06-29-at-15.04.25-1-285x300.jpeg 285w, https:\/\/www.cdiluzdovegetal.com.br\/wp-content\/uploads\/2021\/06\/WhatsApp-Image-2021-06-29-at-15.04.25-1-230x242.jpeg 230w, https:\/\/www.cdiluzdovegetal.com.br\/wp-content\/uploads\/2021\/06\/WhatsApp-Image-2021-06-29-at-15.04.25-1-350x369.jpeg 350w, https:\/\/www.cdiluzdovegetal.com.br\/wp-content\/uploads\/2021\/06\/WhatsApp-Image-2021-06-29-at-15.04.25-1-480x506.jpeg 480w, https:\/\/www.cdiluzdovegetal.com.br\/wp-content\/uploads\/2021\/06\/WhatsApp-Image-2021-06-29-at-15.04.25-1.jpeg 715w\" sizes=\"auto, (max-width: 285px) 100vw, 285px\" \/><\/a><\/p>\n<p>Kenia Piacentini<\/td>\n<td>\n<p style=\"text-align: center;\"><a href=\"https:\/\/www.cdiluzdovegetal.com.br\/wp-content\/uploads\/2021\/06\/Sem-t\u00edtulo-2.png\"><img loading=\"lazy\" decoding=\"async\" class=\"alignnone wp-image-1575\" src=\"https:\/\/www.cdiluzdovegetal.com.br\/wp-content\/uploads\/2021\/06\/Sem-t\u00edtulo-2-300x268.png\" alt=\"\" width=\"296\" height=\"265\" srcset=\"https:\/\/www.cdiluzdovegetal.com.br\/wp-content\/uploads\/2021\/06\/Sem-t\u00edtulo-2-300x268.png 300w, https:\/\/www.cdiluzdovegetal.com.br\/wp-content\/uploads\/2021\/06\/Sem-t\u00edtulo-2-230x205.png 230w, https:\/\/www.cdiluzdovegetal.com.br\/wp-content\/uploads\/2021\/06\/Sem-t\u00edtulo-2-350x312.png 350w, https:\/\/www.cdiluzdovegetal.com.br\/wp-content\/uploads\/2021\/06\/Sem-t\u00edtulo-2-480x428.png 480w, https:\/\/www.cdiluzdovegetal.com.br\/wp-content\/uploads\/2021\/06\/Sem-t\u00edtulo-2.png 557w\" sizes=\"auto, (max-width: 296px) 100vw, 296px\" \/><\/a><\/p>\n<p style=\"text-align: center;\">Maria Cristina Desid\u00e9rio<\/p>\n<\/td>\n<\/tr>\n<tr>\n<td><a style=\"font-family: inherit; font-size: inherit; background-color: #ffffff; -webkit-user-drag: none;\" href=\"https:\/\/www.cdiluzdovegetal.com.br\/wp-content\/uploads\/2011\/08\/1455192_3582522898855_393382102_n2-e1524138365870.jpg\"><img loading=\"lazy\" decoding=\"async\" class=\"wp-image-1167 aligncenter\" style=\"-webkit-user-drag: none; display: inline-block; margin-bottom: -1ex;\" src=\"https:\/\/www.cdiluzdovegetal.com.br\/wp-content\/uploads\/2011\/08\/1455192_3582522898855_393382102_n2-e1524138365870-300x246.jpg\" alt=\"\" width=\"259\" height=\"212\" srcset=\"https:\/\/www.cdiluzdovegetal.com.br\/wp-content\/uploads\/2011\/08\/1455192_3582522898855_393382102_n2-e1524138365870-300x246.jpg 300w, https:\/\/www.cdiluzdovegetal.com.br\/wp-content\/uploads\/2011\/08\/1455192_3582522898855_393382102_n2-e1524138365870-768x629.jpg 768w, https:\/\/www.cdiluzdovegetal.com.br\/wp-content\/uploads\/2011\/08\/1455192_3582522898855_393382102_n2-e1524138365870-230x188.jpg 230w, https:\/\/www.cdiluzdovegetal.com.br\/wp-content\/uploads\/2011\/08\/1455192_3582522898855_393382102_n2-e1524138365870-350x286.jpg 350w, https:\/\/www.cdiluzdovegetal.com.br\/wp-content\/uploads\/2011\/08\/1455192_3582522898855_393382102_n2-e1524138365870-480x393.jpg 480w, https:\/\/www.cdiluzdovegetal.com.br\/wp-content\/uploads\/2011\/08\/1455192_3582522898855_393382102_n2-e1524138365870.jpg 777w\" sizes=\"auto, (max-width: 259px) 100vw, 259px\" \/><\/a><\/p>\n<p style=\"text-align: center;\">Marco Aguillera<\/p>\n<\/td>\n<td style=\"text-align: center;\"><a href=\"https:\/\/www.cdiluzdovegetal.com.br\/wp-content\/uploads\/2024\/05\/Imagem-do-WhatsApp-de-2024-05-15-\u00e0s-11.46.48_96d4b019.jpg\"><img loading=\"lazy\" decoding=\"async\" class=\"alignnone size-medium wp-image-1890\" src=\"https:\/\/www.cdiluzdovegetal.com.br\/wp-content\/uploads\/2024\/05\/Imagem-do-WhatsApp-de-2024-05-15-\u00e0s-11.46.48_96d4b019-300x278.jpg\" alt=\"\" width=\"300\" height=\"278\" srcset=\"https:\/\/www.cdiluzdovegetal.com.br\/wp-content\/uploads\/2024\/05\/Imagem-do-WhatsApp-de-2024-05-15-\u00e0s-11.46.48_96d4b019-300x278.jpg 300w, https:\/\/www.cdiluzdovegetal.com.br\/wp-content\/uploads\/2024\/05\/Imagem-do-WhatsApp-de-2024-05-15-\u00e0s-11.46.48_96d4b019-768x712.jpg 768w, https:\/\/www.cdiluzdovegetal.com.br\/wp-content\/uploads\/2024\/05\/Imagem-do-WhatsApp-de-2024-05-15-\u00e0s-11.46.48_96d4b019-1024x950.jpg 1024w, https:\/\/www.cdiluzdovegetal.com.br\/wp-content\/uploads\/2024\/05\/Imagem-do-WhatsApp-de-2024-05-15-\u00e0s-11.46.48_96d4b019.jpg 1600w\" sizes=\"auto, (max-width: 300px) 100vw, 300px\" \/><\/a><\/p>\n<p>Patr\u00edcia Aguilera<\/td>\n<\/tr>\n<tr>\n<td>\n<div style=\"text-align: center;\"><\/div>\n<\/td>\n<td>\n<p style=\"text-align: center;\"><img loading=\"lazy\" decoding=\"async\" class=\"size-full wp-image-1414 aligncenter\" src=\"https:\/\/www.cdiluzdovegetal.com.br\/wp-content\/uploads\/2018\/04\/Sem-t\u00edtulo.jpg\" alt=\"\" width=\"199\" height=\"202\" \/><\/p>\n<p style=\"text-align: center;\">Ruy Cleto<\/p>\n<\/td>\n<\/tr>\n<tr>\n<td style=\"text-align: center;\"><a href=\"https:\/\/www.cdiluzdovegetal.com.br\/wp-content\/uploads\/2011\/08\/10606551_10152895780747853_7896740348213815520_n1.jpg\"><img loading=\"lazy\" decoding=\"async\" class=\"wp-image-1168 aligncenter\" src=\"https:\/\/www.cdiluzdovegetal.com.br\/wp-content\/uploads\/2011\/08\/10606551_10152895780747853_7896740348213815520_n1-277x300.jpg\" alt=\"10606551_10152895780747853_7896740348213815520_n\" width=\"209\" height=\"226\" srcset=\"https:\/\/www.cdiluzdovegetal.com.br\/wp-content\/uploads\/2011\/08\/10606551_10152895780747853_7896740348213815520_n1-277x300.jpg 277w, https:\/\/www.cdiluzdovegetal.com.br\/wp-content\/uploads\/2011\/08\/10606551_10152895780747853_7896740348213815520_n1.jpg 664w\" sizes=\"auto, (max-width: 209px) 100vw, 209px\" \/><\/a>S\u00e9rgio Ferreira<\/td>\n<td>\n<p style=\"text-align: center;\"><a href=\"https:\/\/www.cdiluzdovegetal.com.br\/wp-content\/uploads\/2011\/08\/228782_2949145446798_3436247_n1.jpg\"><img loading=\"lazy\" decoding=\"async\" class=\"wp-image-1170 \" src=\"https:\/\/www.cdiluzdovegetal.com.br\/wp-content\/uploads\/2011\/08\/228782_2949145446798_3436247_n1-275x300.jpg\" alt=\"228782_2949145446798_3436247_n\" width=\"207\" height=\"226\" srcset=\"https:\/\/www.cdiluzdovegetal.com.br\/wp-content\/uploads\/2011\/08\/228782_2949145446798_3436247_n1-275x300.jpg 275w, https:\/\/www.cdiluzdovegetal.com.br\/wp-content\/uploads\/2011\/08\/228782_2949145446798_3436247_n1.jpg 661w\" sizes=\"auto, (max-width: 207px) 100vw, 207px\" \/><\/a><\/p>\n<p style=\"text-align: center;\">Zelinda Paschoalick<\/p>\n<\/td>\n<\/tr>\n<\/tbody>\n<\/table>\n","protected":false},"excerpt":{"rendered":"<p>Os membros do quadro de mestres t\u00eam como principal fun\u00e7\u00e3o auxiliar o Mestre Dirigente e o Mestre Representante no desenvolvimento de suas [&hellip;]<\/p>\n","protected":false},"author":1,"featured_media":0,"parent":196,"menu_order":0,"comment_status":"open","ping_status":"open","template":"","meta":{"footnotes":""},"class_list":["post-207","page","type-page","status-publish","hentry"],"_links":{"self":[{"href":"https:\/\/www.cdiluzdovegetal.com.br\/index.php?rest_route=\/wp\/v2\/pages\/207","targetHints":{"allow":["GET"]}}],"collection":[{"href":"https:\/\/www.cdiluzdovegetal.com.br\/index.php?rest_route=\/wp\/v2\/pages"}],"about":[{"href":"https:\/\/www.cdiluzdovegetal.com.br\/index.php?rest_route=\/wp\/v2\/types\/page"}],"author":[{"embeddable":true,"href":"https:\/\/www.cdiluzdovegetal.com.br\/index.php?rest_route=\/wp\/v2\/users\/1"}],"replies":[{"embeddable":true,"href":"https:\/\/www.cdiluzdovegetal.com.br\/index.php?rest_route=%2Fwp%2Fv2%2Fcomments&post=207"}],"version-history":[{"count":29,"href":"https:\/\/www.cdiluzdovegetal.com.br\/index.php?rest_route=\/wp\/v2\/pages\/207\/revisions"}],"predecessor-version":[{"id":1927,"href":"https:\/\/www.cdiluzdovegetal.com.br\/index.php?rest_route=\/wp\/v2\/pages\/207\/revisions\/1927"}],"up":[{"embeddable":true,"href":"https:\/\/www.cdiluzdovegetal.com.br\/index.php?rest_route=\/wp\/v2\/pages\/196"}],"wp:attachment":[{"href":"https:\/\/www.cdiluzdovegetal.com.br\/index.php?rest_route=%2Fwp%2Fv2%2Fmedia&parent=207"}],"curies":[{"name":"wp","href":"https:\/\/api.w.org\/{rel}","templated":true}]}}

<p>Os membros do quadro de mestres têm como principal função auxiliar o Mestre Dirigente e o Mestre Representante no desenvolvimento de suas funções e zelar pela harmonia e equilíbrio de toda irmandade. São eles:</p>
<table style="height: 1298px;" width="637">
<tbody>
<tr>
<td style="text-align: center;">
<p><figure id="attachment_1176" aria-describedby="caption-attachment-1176" style="width: 264px" class="wp-caption aligncenter"><a href="https://www.cdiluzdovegetal.com.br/wp-content/uploads/2011/08/paulo.jpg"><img loading="lazy" decoding="async" class="wp-image-1176 " src="https://www.cdiluzdovegetal.com.br/wp-content/uploads/2011/08/paulo.jpg" alt="paulo" width="264" height="239" /></a><figcaption id="caption-attachment-1176" class="wp-caption-text">Antonio Paulo Bozoli</figcaption></figure></td>
<td>
<p style="text-align: center;"><a href="https://www.cdiluzdovegetal.com.br/wp-content/uploads/2021/06/Sem-título.png"><img loading="lazy" decoding="async" class="alignnone wp-image-1572" src="https://www.cdiluzdovegetal.com.br/wp-content/uploads/2021/06/Sem-título-300x280.png" alt="" width="270" height="252" srcset="https://www.cdiluzdovegetal.com.br/wp-content/uploads/2021/06/Sem-título-300x280.png 300w, https://www.cdiluzdovegetal.com.br/wp-content/uploads/2021/06/Sem-título-230x214.png 230w, https://www.cdiluzdovegetal.com.br/wp-content/uploads/2021/06/Sem-título-350x326.png 350w, https://www.cdiluzdovegetal.com.br/wp-content/uploads/2021/06/Sem-título.png 370w" sizes="auto, (max-width: 270px) 100vw, 270px" /></a></p>
<p style="text-align: center;">Floriswaldo Vicente</p>
</td>
</tr>
<tr>
<td style="text-align: center;"><a href="https://www.cdiluzdovegetal.com.br/wp-content/uploads/2011/08/264664_105164889580508_5297793_n1-e1524138220220.jpg"><img loading="lazy" decoding="async" class="wp-image-1166 aligncenter" src="https://www.cdiluzdovegetal.com.br/wp-content/uploads/2011/08/264664_105164889580508_5297793_n1-e1524138220220-300x274.jpg" alt="" width="275" height="251" srcset="https://www.cdiluzdovegetal.com.br/wp-content/uploads/2011/08/264664_105164889580508_5297793_n1-e1524138220220-300x274.jpg 300w, https://www.cdiluzdovegetal.com.br/wp-content/uploads/2011/08/264664_105164889580508_5297793_n1-e1524138220220-230x210.jpg 230w, https://www.cdiluzdovegetal.com.br/wp-content/uploads/2011/08/264664_105164889580508_5297793_n1-e1524138220220-350x319.jpg 350w, https://www.cdiluzdovegetal.com.br/wp-content/uploads/2011/08/264664_105164889580508_5297793_n1-e1524138220220-480x438.jpg 480w, https://www.cdiluzdovegetal.com.br/wp-content/uploads/2011/08/264664_105164889580508_5297793_n1-e1524138220220.jpg 579w" sizes="auto, (max-width: 275px) 100vw, 275px" /></a></p>
<p>Francisco Gomes</td>
<td style="text-align: center;"><a href="https://www.cdiluzdovegetal.com.br/wp-content/uploads/2021/06/Sem-título-1.png"><img loading="lazy" decoding="async" class="alignnone size-medium wp-image-1573" src="https://www.cdiluzdovegetal.com.br/wp-content/uploads/2021/06/Sem-título-1-300x268.png" alt="" width="300" height="268" srcset="https://www.cdiluzdovegetal.com.br/wp-content/uploads/2021/06/Sem-título-1-300x268.png 300w, https://www.cdiluzdovegetal.com.br/wp-content/uploads/2021/06/Sem-título-1-230x206.png 230w, https://www.cdiluzdovegetal.com.br/wp-content/uploads/2021/06/Sem-título-1.png 310w" sizes="auto, (max-width: 300px) 100vw, 300px" /></a></p>
<p>Ivana Scotelari</td>
</tr>
<tr>
<td style="text-align: center;"><a href="https://www.cdiluzdovegetal.com.br/wp-content/uploads/2021/06/WhatsApp-Image-2021-06-29-at-15.04.25-1.jpeg"><img loading="lazy" decoding="async" class="alignnone size-medium wp-image-1570" src="https://www.cdiluzdovegetal.com.br/wp-content/uploads/2021/06/WhatsApp-Image-2021-06-29-at-15.04.25-1-285x300.jpeg" alt="" width="285" height="300" srcset="https://www.cdiluzdovegetal.com.br/wp-content/uploads/2021/06/WhatsApp-Image-2021-06-29-at-15.04.25-1-285x300.jpeg 285w, https://www.cdiluzdovegetal.com.br/wp-content/uploads/2021/06/WhatsApp-Image-2021-06-29-at-15.04.25-1-230x242.jpeg 230w, https://www.cdiluzdovegetal.com.br/wp-content/uploads/2021/06/WhatsApp-Image-2021-06-29-at-15.04.25-1-350x369.jpeg 350w, https://www.cdiluzdovegetal.com.br/wp-content/uploads/2021/06/WhatsApp-Image-2021-06-29-at-15.04.25-1-480x506.jpeg 480w, https://www.cdiluzdovegetal.com.br/wp-content/uploads/2021/06/WhatsApp-Image-2021-06-29-at-15.04.25-1.jpeg 715w" sizes="auto, (max-width: 285px) 100vw, 285px" /></a></p>
<p>Kenia Piacentini</td>
<td>
<p style="text-align: center;"><a href="https://www.cdiluzdovegetal.com.br/wp-content/uploads/2021/06/Sem-título-2.png"><img loading="lazy" decoding="async" class="alignnone wp-image-1575" src="https://www.cdiluzdovegetal.com.br/wp-content/uploads/2021/06/Sem-título-2-300x268.png" alt="" width="296" height="265" srcset="https://www.cdiluzdovegetal.com.br/wp-content/uploads/2021/06/Sem-título-2-300x268.png 300w, https://www.cdiluzdovegetal.com.br/wp-content/uploads/2021/06/Sem-título-2-230x205.png 230w, https://www.cdiluzdovegetal.com.br/wp-content/uploads/2021/06/Sem-título-2-350x312.png 350w, https://www.cdiluzdovegetal.com.br/wp-content/uploads/2021/06/Sem-título-2-480x428.png 480w, https://www.cdiluzdovegetal.com.br/wp-content/uploads/2021/06/Sem-título-2.png 557w" sizes="auto, (max-width: 296px) 100vw, 296px" /></a></p>
<p style="text-align: center;">Maria Cristina Desidério</p>
</td>
</tr>
<tr>
<td><a style="font-family: inherit; font-size: inherit; background-color: #ffffff; -webkit-user-drag: none;" href="https://www.cdiluzdovegetal.com.br/wp-content/uploads/2011/08/1455192_3582522898855_393382102_n2-e1524138365870.jpg"><img loading="lazy" decoding="async" class="wp-image-1167 aligncenter" style="-webkit-user-drag: none; display: inline-block; margin-bottom: -1ex;" src="https://www.cdiluzdovegetal.com.br/wp-content/uploads/2011/08/1455192_3582522898855_393382102_n2-e1524138365870-300x246.jpg" alt="" width="259" height="212" srcset="https://www.cdiluzdovegetal.com.br/wp-content/uploads/2011/08/1455192_3582522898855_393382102_n2-e1524138365870-300x246.jpg 300w, https://www.cdiluzdovegetal.com.br/wp-content/uploads/2011/08/1455192_3582522898855_393382102_n2-e1524138365870-768x629.jpg 768w, https://www.cdiluzdovegetal.com.br/wp-content/uploads/2011/08/1455192_3582522898855_393382102_n2-e1524138365870-230x188.jpg 230w, https://www.cdiluzdovegetal.com.br/wp-content/uploads/2011/08/1455192_3582522898855_393382102_n2-e1524138365870-350x286.jpg 350w, https://www.cdiluzdovegetal.com.br/wp-content/uploads/2011/08/1455192_3582522898855_393382102_n2-e1524138365870-480x393.jpg 480w, https://www.cdiluzdovegetal.com.br/wp-content/uploads/2011/08/1455192_3582522898855_393382102_n2-e1524138365870.jpg 777w" sizes="auto, (max-width: 259px) 100vw, 259px" /></a></p>
<p style="text-align: center;">Marco Aguillera</p>
</td>
<td style="text-align: center;"><a href="https://www.cdiluzdovegetal.com.br/wp-content/uploads/2024/05/Imagem-do-WhatsApp-de-2024-05-15-às-11.46.48_96d4b019.jpg"><img loading="lazy" decoding="async" class="alignnone size-medium wp-image-1890" src="https://www.cdiluzdovegetal.com.br/wp-content/uploads/2024/05/Imagem-do-WhatsApp-de-2024-05-15-às-11.46.48_96d4b019-300x278.jpg" alt="" width="300" height="278" srcset="https://www.cdiluzdovegetal.com.br/wp-content/uploads/2024/05/Imagem-do-WhatsApp-de-2024-05-15-às-11.46.48_96d4b019-300x278.jpg 300w, https://www.cdiluzdovegetal.com.br/wp-content/uploads/2024/05/Imagem-do-WhatsApp-de-2024-05-15-às-11.46.48_96d4b019-768x712.jpg 768w, https://www.cdiluzdovegetal.com.br/wp-content/uploads/2024/05/Imagem-do-WhatsApp-de-2024-05-15-às-11.46.48_96d4b019-1024x950.jpg 1024w, https://www.cdiluzdovegetal.com.br/wp-content/uploads/2024/05/Imagem-do-WhatsApp-de-2024-05-15-às-11.46.48_96d4b019.jpg 1600w" sizes="auto, (max-width: 300px) 100vw, 300px" /></a></p>
<p>Patrícia Aguilera</td>
</tr>
<tr>
<td>
<div style="text-align: center;"></div>
</td>
<td>
<p style="text-align: center;"><img loading="lazy" decoding="async" class="size-full wp-image-1414 aligncenter" src="https://www.cdiluzdovegetal.com.br/wp-content/uploads/2018/04/Sem-título.jpg" alt="" width="199" height="202" /></p>
<p style="text-align: center;">Ruy Cleto</p>
</td>
</tr>
<tr>
<td style="text-align: center;"><a href="https://www.cdiluzdovegetal.com.br/wp-content/uploads/2011/08/10606551_10152895780747853_7896740348213815520_n1.jpg"><img loading="lazy" decoding="async" class="wp-image-1168 aligncenter" src="https://www.cdiluzdovegetal.com.br/wp-content/uploads/2011/08/10606551_10152895780747853_7896740348213815520_n1-277x300.jpg" alt="10606551_10152895780747853_7896740348213815520_n" width="209" height="226" srcset="https://www.cdiluzdovegetal.com.br/wp-content/uploads/2011/08/10606551_10152895780747853_7896740348213815520_n1-277x300.jpg 277w, https://www.cdiluzdovegetal.com.br/wp-content/uploads/2011/08/10606551_10152895780747853_7896740348213815520_n1.jpg 664w" sizes="auto, (max-width: 209px) 100vw, 209px" /></a>Sérgio Ferreira</td>
<td>
<p style="text-align: center;"><a href="https://www.cdiluzdovegetal.com.br/wp-content/uploads/2011/08/228782_2949145446798_3436247_n1.jpg"><img loading="lazy" decoding="async" class="wp-image-1170 " src="https://www.cdiluzdovegetal.com.br/wp-content/uploads/2011/08/228782_2949145446798_3436247_n1-275x300.jpg" alt="228782_2949145446798_3436247_n" width="207" height="226" srcset="https://www.cdiluzdovegetal.com.br/wp-content/uploads/2011/08/228782_2949145446798_3436247_n1-275x300.jpg 275w, https://www.cdiluzdovegetal.com.br/wp-content/uploads/2011/08/228782_2949145446798_3436247_n1.jpg 661w" sizes="auto, (max-width: 207px) 100vw, 207px" /></a></p>
<p style="text-align: center;">Zelinda Paschoalick</p>
</td>
</tr>
</tbody>
</table>

<p>Os membros do quadro de mestres têm como principal função auxiliar o Mestre Dirigente e o Mestre Representante no desenvolvimento de suas [&hellip;]</p>
