{"id":40,"date":"2011-07-09T19:03:51","date_gmt":"2011-07-09T19:03:51","guid":{"rendered":"http:\/\/www.agenciaterra.com\/clientes\/ldv\/?page_id=40"},"modified":"2022-05-21T15:55:12","modified_gmt":"2022-05-21T15:55:12","slug":"sobre","status":"publish","type":"page","link":"https:\/\/www.cdiluzdovegetal.com.br\/?page_id=40","title":{"rendered":"QUEM SOMOS"},"content":{"rendered":"<p style=\"text-align: justify;\"><a href=\"https:\/\/www.cdiluzdovegetal.com.br\/wp-content\/uploads\/2021\/10\/246155071_10217848288712718_2167731961551866663_n.jpg\"><img loading=\"lazy\" decoding=\"async\" class=\" wp-image-1593 alignleft\" src=\"https:\/\/www.cdiluzdovegetal.com.br\/wp-content\/uploads\/2021\/10\/246155071_10217848288712718_2167731961551866663_n-300x205.jpg\" alt=\"\" width=\"395\" height=\"270\" srcset=\"https:\/\/www.cdiluzdovegetal.com.br\/wp-content\/uploads\/2021\/10\/246155071_10217848288712718_2167731961551866663_n-300x205.jpg 300w, https:\/\/www.cdiluzdovegetal.com.br\/wp-content\/uploads\/2021\/10\/246155071_10217848288712718_2167731961551866663_n-230x157.jpg 230w, https:\/\/www.cdiluzdovegetal.com.br\/wp-content\/uploads\/2021\/10\/246155071_10217848288712718_2167731961551866663_n-350x240.jpg 350w, https:\/\/www.cdiluzdovegetal.com.br\/wp-content\/uploads\/2021\/10\/246155071_10217848288712718_2167731961551866663_n-480x329.jpg 480w, https:\/\/www.cdiluzdovegetal.com.br\/wp-content\/uploads\/2021\/10\/246155071_10217848288712718_2167731961551866663_n.jpg 720w\" sizes=\"auto, (max-width: 395px) 100vw, 395px\" \/><\/a><\/p>\n<p dir=\"ltr\"><span style=\"font-family: calibri;\"><span style=\"font-size: large;\">O Centro de Desenvolvimento Integrado Luz do Vegetal \u00e9 uma escola de car\u00e1ter religioso, beneficente e cultural. Suas atividades se iniciaram no fim de semana de 24 de dezembro de 1991, na atual sede campestre do Spa\u00e7o Sollua, em Ara\u00e7ariguama (SP). Nessa data, diversas pessoas interessadas no autoconhecimento se reuniram para iniciar um preparo do Vegetal sob a coordena\u00e7\u00e3o da Mestre Elza Carolina Piacentini.<\/span><\/span><\/p>\n<p dir=\"ltr\">A partir de ent\u00e3o, o grupo passou a se reunir com regularidade para comungar o Vegetal, fundando oficialmente o <span class=\"il\">Centro de Desenvolvimento Integrado<\/span>\u00a0em 1994. Hoje, o grupo possui uma sede em Ara\u00e7ariguama (SP), o CDI Luz do Vegetal, e um n\u00facleo em Juquitiba (SP), o CDI Estrela da Manh\u00e3, onde s\u00e3o realizadas sess\u00f5es de escala de quinze em quinze dias.<\/p>\n<p dir=\"ltr\">Os trabalhos do <span class=\"il\">CDI<\/span>\u00a0s\u00e3o comandados pelo Mestre Dirigente Geral. Ele \u00e9 o respons\u00e1vel pelo condu\u00e7\u00e3o da irmandade no caminho da evolu\u00e7\u00e3o espiritual e do autoconhecimento. Neste trabalho, ele auxiliado pelos Mestres Representantes de cada n\u00facleo e por todo o Corpo de Mestres. Clique nos links abaixo para conhe\u00e7er mais sobre o nosso grupo:<\/p>\n<p dir=\"ltr\"><a href=\"https:\/\/www.cdiluzdovegetal.com.br\/?page_id=1629\">&#8211; Elza Carolina Piacentini, a mestre fundadora<\/a><\/p>\n<p dir=\"ltr\"><a href=\"https:\/\/www.cdiluzdovegetal.com.br\/?page_id=198\">&#8211; Mestre Dirigente Geral<\/a><\/p>\n<p dir=\"ltr\">&#8211; <a title=\"Mestre Representante\" href=\"https:\/\/www.cdiluzdovegetal.com.br\/?page_id=205\">Mestres Representantes<\/a><\/p>\n<p dir=\"ltr\">&#8211; <a title=\"Quadro de Mestres\" href=\"https:\/\/www.cdiluzdovegetal.com.br\/?page_id=207\">Quadro\u00a0de Mestres<\/a><\/p>\n<p dir=\"ltr\">&#8211; <a title=\"Corpo do Conselho\" href=\"https:\/\/www.cdiluzdovegetal.com.br\/?page_id=641\">Corpo do Conselho<\/a><\/p>\n<p dir=\"ltr\">&#8211; <a title=\"Corpo Instrutivo\" href=\"https:\/\/www.cdiluzdovegetal.com.br\/?page_id=209\">Corpo Instrutivo<\/a><\/p>\n","protected":false},"excerpt":{"rendered":"<p>O Centro de Desenvolvimento Integrado Luz do Vegetal \u00e9 uma escola de car\u00e1ter religioso, beneficente e cultural. Suas atividades se iniciaram no [&hellip;]<\/p>\n","protected":false},"author":1,"featured_media":0,"parent":0,"menu_order":0,"comment_status":"open","ping_status":"open","template":"page-templates\/page_fullwidth.php","meta":{"footnotes":""},"class_list":["post-40","page","type-page","status-publish","hentry"],"_links":{"self":[{"href":"https:\/\/www.cdiluzdovegetal.com.br\/index.php?rest_route=\/wp\/v2\/pages\/40","targetHints":{"allow":["GET"]}}],"collection":[{"href":"https:\/\/www.cdiluzdovegetal.com.br\/index.php?rest_route=\/wp\/v2\/pages"}],"about":[{"href":"https:\/\/www.cdiluzdovegetal.com.br\/index.php?rest_route=\/wp\/v2\/types\/page"}],"author":[{"embeddable":true,"href":"https:\/\/www.cdiluzdovegetal.com.br\/index.php?rest_route=\/wp\/v2\/users\/1"}],"replies":[{"embeddable":true,"href":"https:\/\/www.cdiluzdovegetal.com.br\/index.php?rest_route=%2Fwp%2Fv2%2Fcomments&post=40"}],"version-history":[{"count":14,"href":"https:\/\/www.cdiluzdovegetal.com.br\/index.php?rest_route=\/wp\/v2\/pages\/40\/revisions"}],"predecessor-version":[{"id":1674,"href":"https:\/\/www.cdiluzdovegetal.com.br\/index.php?rest_route=\/wp\/v2\/pages\/40\/revisions\/1674"}],"wp:attachment":[{"href":"https:\/\/www.cdiluzdovegetal.com.br\/index.php?rest_route=%2Fwp%2Fv2%2Fmedia&parent=40"}],"curies":[{"name":"wp","href":"https:\/\/api.w.org\/{rel}","templated":true}]}}

<p style="text-align: justify;"><a href="https://www.cdiluzdovegetal.com.br/wp-content/uploads/2021/10/246155071_10217848288712718_2167731961551866663_n.jpg"><img loading="lazy" decoding="async" class=" wp-image-1593 alignleft" src="https://www.cdiluzdovegetal.com.br/wp-content/uploads/2021/10/246155071_10217848288712718_2167731961551866663_n-300x205.jpg" alt="" width="395" height="270" srcset="https://www.cdiluzdovegetal.com.br/wp-content/uploads/2021/10/246155071_10217848288712718_2167731961551866663_n-300x205.jpg 300w, https://www.cdiluzdovegetal.com.br/wp-content/uploads/2021/10/246155071_10217848288712718_2167731961551866663_n-230x157.jpg 230w, https://www.cdiluzdovegetal.com.br/wp-content/uploads/2021/10/246155071_10217848288712718_2167731961551866663_n-350x240.jpg 350w, https://www.cdiluzdovegetal.com.br/wp-content/uploads/2021/10/246155071_10217848288712718_2167731961551866663_n-480x329.jpg 480w, https://www.cdiluzdovegetal.com.br/wp-content/uploads/2021/10/246155071_10217848288712718_2167731961551866663_n.jpg 720w" sizes="auto, (max-width: 395px) 100vw, 395px" /></a></p>
<p dir="ltr"><span style="font-family: calibri;"><span style="font-size: large;">O Centro de Desenvolvimento Integrado Luz do Vegetal é uma escola de caráter religioso, beneficente e cultural. Suas atividades se iniciaram no fim de semana de 24 de dezembro de 1991, na atual sede campestre do Spaço Sollua, em Araçariguama (SP). Nessa data, diversas pessoas interessadas no autoconhecimento se reuniram para iniciar um preparo do Vegetal sob a coordenação da Mestre Elza Carolina Piacentini.</span></span></p>
<p dir="ltr">A partir de então, o grupo passou a se reunir com regularidade para comungar o Vegetal, fundando oficialmente o <span class="il">Centro de Desenvolvimento Integrado</span> em 1994. Hoje, o grupo possui uma sede em Araçariguama (SP), o CDI Luz do Vegetal, e um núcleo em Juquitiba (SP), o CDI Estrela da Manhã, onde são realizadas sessões de escala de quinze em quinze dias.</p>
<p dir="ltr">Os trabalhos do <span class="il">CDI</span> são comandados pelo Mestre Dirigente Geral. Ele é o responsável pelo condução da irmandade no caminho da evolução espiritual e do autoconhecimento. Neste trabalho, ele auxiliado pelos Mestres Representantes de cada núcleo e por todo o Corpo de Mestres. Clique nos links abaixo para conheçer mais sobre o nosso grupo:</p>
<p dir="ltr"><a href="https://www.cdiluzdovegetal.com.br/?page_id=1629">&#8211; Elza Carolina Piacentini, a mestre fundadora</a></p>
<p dir="ltr"><a href="https://www.cdiluzdovegetal.com.br/?page_id=198">&#8211; Mestre Dirigente Geral</a></p>
<p dir="ltr">&#8211; <a title="Mestre Representante" href="https://www.cdiluzdovegetal.com.br/?page_id=205">Mestres Representantes</a></p>
<p dir="ltr">&#8211; <a title="Quadro de Mestres" href="https://www.cdiluzdovegetal.com.br/?page_id=207">Quadro de Mestres</a></p>
<p dir="ltr">&#8211; <a title="Corpo do Conselho" href="https://www.cdiluzdovegetal.com.br/?page_id=641">Corpo do Conselho</a></p>
<p dir="ltr">&#8211; <a title="Corpo Instrutivo" href="https://www.cdiluzdovegetal.com.br/?page_id=209">Corpo Instrutivo</a></p>

<p>O Centro de Desenvolvimento Integrado Luz do Vegetal é uma escola de caráter religioso, beneficente e cultural. Suas atividades se iniciaram no [&hellip;]</p>
