{"id":58,"date":"2011-07-09T20:27:08","date_gmt":"2011-07-09T23:27:08","guid":{"rendered":"http:\/\/www.agenciaterra.com\/clientes\/ldv\/?page_id=58"},"modified":"2022-05-21T17:33:45","modified_gmt":"2022-05-21T17:33:45","slug":"mestre-gabriel","status":"publish","type":"page","link":"https:\/\/www.cdiluzdovegetal.com.br\/?page_id=58","title":{"rendered":"MESTRE GABRIEL"},"content":{"rendered":"<p style=\"text-align: justify;\">Os textos desta se\u00e7\u00e3o\u00a0s\u00e3o excertos\u00a0da disserta\u00e7\u00e3o de mestrado no Programa de P\u00f3s-gradua\u00e7\u00e3o em Antropologia Social do Museu Nacional &#8211; UFRJ, de S\u00e9rgio Brissac, tamb\u00e9m dispon\u00edvel na Internet.<\/p>\n<p style=\"text-align: justify;\"><a href=\"https:\/\/www.cdiluzdovegetal.com.br\/wp-content\/uploads\/2011\/07\/Screen-Shot-2015-02-17-at-9.44.20-AM.png\"><img loading=\"lazy\" decoding=\"async\" class=\"aligncenter wp-image-951 size-full\" src=\"https:\/\/www.cdiluzdovegetal.com.br\/wp-content\/uploads\/2011\/07\/Screen-Shot-2015-02-17-at-9.44.20-AM.png\" alt=\"Screen Shot 2015-02-17 at 9.44.20 AM\" width=\"729\" height=\"403\" srcset=\"https:\/\/www.cdiluzdovegetal.com.br\/wp-content\/uploads\/2011\/07\/Screen-Shot-2015-02-17-at-9.44.20-AM.png 729w, https:\/\/www.cdiluzdovegetal.com.br\/wp-content\/uploads\/2011\/07\/Screen-Shot-2015-02-17-at-9.44.20-AM-300x166.png 300w\" sizes=\"auto, (max-width: 729px) 100vw, 729px\" \/><\/a><\/p>\n","protected":false},"excerpt":{"rendered":"<p>Os textos desta se\u00e7\u00e3o\u00a0s\u00e3o excertos\u00a0da disserta\u00e7\u00e3o de mestrado no Programa de P\u00f3s-gradua\u00e7\u00e3o em Antropologia Social do Museu Nacional &#8211; UFRJ, de S\u00e9rgio [&hellip;]<\/p>\n","protected":false},"author":1,"featured_media":0,"parent":0,"menu_order":0,"comment_status":"open","ping_status":"closed","template":"page-templates\/page_fullwidth.php","meta":{"footnotes":""},"class_list":["post-58","page","type-page","status-publish","hentry"],"_links":{"self":[{"href":"https:\/\/www.cdiluzdovegetal.com.br\/index.php?rest_route=\/wp\/v2\/pages\/58","targetHints":{"allow":["GET"]}}],"collection":[{"href":"https:\/\/www.cdiluzdovegetal.com.br\/index.php?rest_route=\/wp\/v2\/pages"}],"about":[{"href":"https:\/\/www.cdiluzdovegetal.com.br\/index.php?rest_route=\/wp\/v2\/types\/page"}],"author":[{"embeddable":true,"href":"https:\/\/www.cdiluzdovegetal.com.br\/index.php?rest_route=\/wp\/v2\/users\/1"}],"replies":[{"embeddable":true,"href":"https:\/\/www.cdiluzdovegetal.com.br\/index.php?rest_route=%2Fwp%2Fv2%2Fcomments&post=58"}],"version-history":[{"count":9,"href":"https:\/\/www.cdiluzdovegetal.com.br\/index.php?rest_route=\/wp\/v2\/pages\/58\/revisions"}],"predecessor-version":[{"id":953,"href":"https:\/\/www.cdiluzdovegetal.com.br\/index.php?rest_route=\/wp\/v2\/pages\/58\/revisions\/953"}],"wp:attachment":[{"href":"https:\/\/www.cdiluzdovegetal.com.br\/index.php?rest_route=%2Fwp%2Fv2%2Fmedia&parent=58"}],"curies":[{"name":"wp","href":"https:\/\/api.w.org\/{rel}","templated":true}]}}

<p style="text-align: justify;">Os textos desta seção são excertos da dissertação de mestrado no Programa de Pós-graduação em Antropologia Social do Museu Nacional &#8211; UFRJ, de Sérgio Brissac, também disponível na Internet.</p>
<p style="text-align: justify;"><a href="https://www.cdiluzdovegetal.com.br/wp-content/uploads/2011/07/Screen-Shot-2015-02-17-at-9.44.20-AM.png"><img loading="lazy" decoding="async" class="aligncenter wp-image-951 size-full" src="https://www.cdiluzdovegetal.com.br/wp-content/uploads/2011/07/Screen-Shot-2015-02-17-at-9.44.20-AM.png" alt="Screen Shot 2015-02-17 at 9.44.20 AM" width="729" height="403" srcset="https://www.cdiluzdovegetal.com.br/wp-content/uploads/2011/07/Screen-Shot-2015-02-17-at-9.44.20-AM.png 729w, https://www.cdiluzdovegetal.com.br/wp-content/uploads/2011/07/Screen-Shot-2015-02-17-at-9.44.20-AM-300x166.png 300w" sizes="auto, (max-width: 729px) 100vw, 729px" /></a></p>

<p>Os textos desta seção são excertos da dissertação de mestrado no Programa de Pós-graduação em Antropologia Social do Museu Nacional &#8211; UFRJ, de Sérgio [&hellip;]</p>
