{"id":61,"date":"2011-07-09T20:29:08","date_gmt":"2011-07-09T20:29:08","guid":{"rendered":"http:\/\/www.agenciaterra.com\/clientes\/ldv\/?page_id=61"},"modified":"2022-05-21T17:36:13","modified_gmt":"2022-05-21T17:36:13","slug":"introducao","status":"publish","type":"page","link":"https:\/\/www.cdiluzdovegetal.com.br\/?page_id=61","title":{"rendered":"Introdu\u00e7\u00e3o"},"content":{"rendered":"<p><a href=\"https:\/\/www.cdiluzdovegetal.com.br\/wp-content\/uploads\/2011\/07\/mestre-Gabriel.jpg\"><img loading=\"lazy\" decoding=\"async\" class=\"alignleft wp-image-890 \" src=\"https:\/\/www.cdiluzdovegetal.com.br\/wp-content\/uploads\/2011\/07\/mestre-Gabriel-300x239.jpg\" alt=\"mestre Gabriel\" width=\"358\" height=\"285\" srcset=\"https:\/\/www.cdiluzdovegetal.com.br\/wp-content\/uploads\/2011\/07\/mestre-Gabriel-300x239.jpg 300w, https:\/\/www.cdiluzdovegetal.com.br\/wp-content\/uploads\/2011\/07\/mestre-Gabriel.jpg 365w\" sizes=\"auto, (max-width: 358px) 100vw, 358px\" \/><\/a><\/p>\n<p style=\"text-align: justify;\">Este texto visa tra\u00e7ar a trajet\u00f3ria de Jos\u00e9 Gabriel da Costa, fundador da Uni\u00e3o do Vegetal, e relacion\u00e1-la com aspectos da especificidade cultural brasileira. Acompanhando o percurso de sua vida, \u00e9 poss\u00edvel tecer uma ampla rede de rela\u00e7\u00f5es com diversas configura\u00e7\u00f5es culturais presentes na sociedade brasileira.<\/p>\n<p style=\"text-align: justify;\">Este texto restringir-se-\u00e1 a uma breve exposi\u00e7\u00e3o dessa trajet\u00f3ria, atrav\u00e9s do recurso \u00e0s poucas fontes de informa\u00e7\u00e3o dispon\u00edveis, limitando-se a apontar somente algumas poss\u00edveis linhas de investiga\u00e7\u00e3o, a serem desenvolvidas oportunamente.<\/p>\n<p style=\"text-align: justify;\">Em 22 de julho de 1961, Jos\u00e9 Gabriel da Costa, chamado por seus disc\u00edpulos de Mestre Gabriel, fundou a Uni\u00e3o do Vegetal, a UDV, na Amaz\u00f4nia, em regi\u00e3o pr\u00f3xima \u00e0 fronteira entre o Brasil e a Bol\u00edvia. Como centro da atividade religiosa do grupo est\u00e1 a ingest\u00e3o da Hoasca ou Vegetal, ch\u00e1 obtido a partir de duas plantas, um cip\u00f3 denominado mariri, Banisteriopsis caapi, e um arbusto chamado chacrona, Psychotria viridis.<\/p>\n<p style=\"text-align: justify;\">No ano de 1965, Jos\u00e9 Gabriel da Costa mudou-se para Porto Velho, onde consolidou a Uni\u00e3o rec\u00e9m-fundada. Em 1967, ap\u00f3s incidentes de persegui\u00e7\u00e3o policial ao grupo em Porto Velho, \u00e9 encaminhada a constitui\u00e7\u00e3o de uma entidade civil, primeiramente denominada Sociedade Beneficente Uni\u00e3o do Vegetal, adotando depois o nome definitivo de Centro Esp\u00edrita Beneficente Uni\u00e3o do Vegetal. Ainda em vida de Mestre Gabriel, foi fundado o n\u00facleo de Manaus e em 1972, um ano ap\u00f3s seu falecimento, j\u00e1 se inaugurou o n\u00facleo de S\u00e3o Paulo. Em 1998, havia em torno de 70 n\u00facleos espalhados por todo o Brasil, totalizando aproximadamente 7 mil s\u00f3cios.<\/p>\n<p style=\"text-align: justify;\"><a title=\"Jos\u00e9\" href=\"https:\/\/www.cdiluzdovegetal.com.br\/?page_id=64\">Pr\u00f3xima p\u00e1gina -&gt;<\/a><\/p>\n<p>&nbsp;<\/p>\n","protected":false},"excerpt":{"rendered":"<p>Este texto visa tra\u00e7ar a trajet\u00f3ria de Jos\u00e9 Gabriel da Costa, fundador da Uni\u00e3o do Vegetal, e relacion\u00e1-la com aspectos da especificidade [&hellip;]<\/p>\n","protected":false},"author":1,"featured_media":0,"parent":58,"menu_order":0,"comment_status":"open","ping_status":"open","template":"page-templates\/page_fullwidth.php","meta":{"footnotes":""},"class_list":["post-61","page","type-page","status-publish","hentry"],"_links":{"self":[{"href":"https:\/\/www.cdiluzdovegetal.com.br\/index.php?rest_route=\/wp\/v2\/pages\/61","targetHints":{"allow":["GET"]}}],"collection":[{"href":"https:\/\/www.cdiluzdovegetal.com.br\/index.php?rest_route=\/wp\/v2\/pages"}],"about":[{"href":"https:\/\/www.cdiluzdovegetal.com.br\/index.php?rest_route=\/wp\/v2\/types\/page"}],"author":[{"embeddable":true,"href":"https:\/\/www.cdiluzdovegetal.com.br\/index.php?rest_route=\/wp\/v2\/users\/1"}],"replies":[{"embeddable":true,"href":"https:\/\/www.cdiluzdovegetal.com.br\/index.php?rest_route=%2Fwp%2Fv2%2Fcomments&post=61"}],"version-history":[{"count":8,"href":"https:\/\/www.cdiluzdovegetal.com.br\/index.php?rest_route=\/wp\/v2\/pages\/61\/revisions"}],"predecessor-version":[{"id":1713,"href":"https:\/\/www.cdiluzdovegetal.com.br\/index.php?rest_route=\/wp\/v2\/pages\/61\/revisions\/1713"}],"up":[{"embeddable":true,"href":"https:\/\/www.cdiluzdovegetal.com.br\/index.php?rest_route=\/wp\/v2\/pages\/58"}],"wp:attachment":[{"href":"https:\/\/www.cdiluzdovegetal.com.br\/index.php?rest_route=%2Fwp%2Fv2%2Fmedia&parent=61"}],"curies":[{"name":"wp","href":"https:\/\/api.w.org\/{rel}","templated":true}]}}

Introdução

<p><a href="https://www.cdiluzdovegetal.com.br/wp-content/uploads/2011/07/mestre-Gabriel.jpg"><img loading="lazy" decoding="async" class="alignleft wp-image-890 " src="https://www.cdiluzdovegetal.com.br/wp-content/uploads/2011/07/mestre-Gabriel-300x239.jpg" alt="mestre Gabriel" width="358" height="285" srcset="https://www.cdiluzdovegetal.com.br/wp-content/uploads/2011/07/mestre-Gabriel-300x239.jpg 300w, https://www.cdiluzdovegetal.com.br/wp-content/uploads/2011/07/mestre-Gabriel.jpg 365w" sizes="auto, (max-width: 358px) 100vw, 358px" /></a></p>
<p style="text-align: justify;">Este texto visa traçar a trajetória de José Gabriel da Costa, fundador da União do Vegetal, e relacioná-la com aspectos da especificidade cultural brasileira. Acompanhando o percurso de sua vida, é possível tecer uma ampla rede de relações com diversas configurações culturais presentes na sociedade brasileira.</p>
<p style="text-align: justify;">Este texto restringir-se-á a uma breve exposição dessa trajetória, através do recurso às poucas fontes de informação disponíveis, limitando-se a apontar somente algumas possíveis linhas de investigação, a serem desenvolvidas oportunamente.</p>
<p style="text-align: justify;">Em 22 de julho de 1961, José Gabriel da Costa, chamado por seus discípulos de Mestre Gabriel, fundou a União do Vegetal, a UDV, na Amazônia, em região próxima à fronteira entre o Brasil e a Bolívia. Como centro da atividade religiosa do grupo está a ingestão da Hoasca ou Vegetal, chá obtido a partir de duas plantas, um cipó denominado mariri, Banisteriopsis caapi, e um arbusto chamado chacrona, Psychotria viridis.</p>
<p style="text-align: justify;">No ano de 1965, José Gabriel da Costa mudou-se para Porto Velho, onde consolidou a União recém-fundada. Em 1967, após incidentes de perseguição policial ao grupo em Porto Velho, é encaminhada a constituição de uma entidade civil, primeiramente denominada Sociedade Beneficente União do Vegetal, adotando depois o nome definitivo de Centro Espírita Beneficente União do Vegetal. Ainda em vida de Mestre Gabriel, foi fundado o núcleo de Manaus e em 1972, um ano após seu falecimento, já se inaugurou o núcleo de São Paulo. Em 1998, havia em torno de 70 núcleos espalhados por todo o Brasil, totalizando aproximadamente 7 mil sócios.</p>
<p style="text-align: justify;"><a title="José" href="https://www.cdiluzdovegetal.com.br/?page_id=64">Próxima página -&gt;</a></p>
<p>&nbsp;</p>

<p>Este texto visa traçar a trajetória de José Gabriel da Costa, fundador da União do Vegetal, e relacioná-la com aspectos da especificidade [&hellip;]</p>
