{"id":64,"date":"2011-07-09T20:33:09","date_gmt":"2011-07-09T20:33:09","guid":{"rendered":"http:\/\/www.agenciaterra.com\/clientes\/ldv\/?page_id=64"},"modified":"2022-05-21T17:38:27","modified_gmt":"2022-05-21T17:38:27","slug":"jose-o-menino-de-coracao-de-maria","status":"publish","type":"page","link":"https:\/\/www.cdiluzdovegetal.com.br\/?page_id=64","title":{"rendered":"Jos\u00e9"},"content":{"rendered":"<p><a href=\"https:\/\/www.cdiluzdovegetal.com.br\/wp-content\/uploads\/2011\/07\/mgabriel.jpg\"><img loading=\"lazy\" decoding=\"async\" class=\"alignleft wp-image-889 \" src=\"https:\/\/www.cdiluzdovegetal.com.br\/wp-content\/uploads\/2011\/07\/mgabriel-253x300.jpg\" alt=\"mgabriel\" width=\"272\" height=\"323\" srcset=\"https:\/\/www.cdiluzdovegetal.com.br\/wp-content\/uploads\/2011\/07\/mgabriel-253x300.jpg 253w, https:\/\/www.cdiluzdovegetal.com.br\/wp-content\/uploads\/2011\/07\/mgabriel.jpg 273w\" sizes=\"auto, (max-width: 272px) 100vw, 272px\" \/><\/a><\/p>\n<p>No dia 10 de fevereiro de 1922, na localidade de Cora\u00e7\u00e3o de Maria, pr\u00f3xima a Feira de Santana, Bahia, nasce Jos\u00e9 Gabriel da Costa. Filho de Manuel Gabriel da Costa e Prima Feliciana da Costa, Jos\u00e9 nasce em uma numerosa fam\u00edlia de treze irm\u00e3os: Jo\u00e3o, Dion\u00edsio, Otac\u00edlio, Pedro, Rom\u00e3o, Maria, &#8220;Mi\u00fada&#8221;, Jos\u00e9 Gabriel, &#8220;Sinh\u00e1&#8221;, Alfredo, Ant\u00f4nio, Maximiano, Hip\u00f3lito.<\/p>\n<p>No livro Uni\u00e3o do Vegetal: Hoasca; Fundamentos e Objetivos, o \u00fanico texto editado para o grande p\u00fablico at\u00e9 o momento pela institui\u00e7\u00e3o, apenas tr\u00eas p\u00e1ginas tratam da vida do fundador da UDV. Assim, tivemos de buscar informa\u00e7\u00f5es junto a parentes e outras pessoas que com ele conviveram, al\u00e9m de pesquisar no jornal Alto Falante, do Departamento de Mem\u00f3ria e Documenta\u00e7\u00e3o da UDV.<\/p>\n<p>Segundo seus parentes, desde pequeno, Jos\u00e9 j\u00e1 se destacava como algu\u00e9m especial. Contam que ainda crian\u00e7a, ele auxiliou uma mulher com dificuldades de parto. O beb\u00ea se encontrava mal posicionado e a parteira temia que morressem m\u00e3e e filho. Jos\u00e9 entra no quarto, manda todos sa\u00edrem, tranca a porta e logo em seguida a destranca. Quando o menino abre a porta, simultaneamente nasce a crian\u00e7a.<\/p>\n<p style=\"text-align: justify;\">Na d\u00e9cada de 20, o menino Jos\u00e9 cresce em um meio rural fortemente marcado pelo catolicismo popular. Uma recorda\u00e7\u00e3o que narram de sua inf\u00e2ncia \u00e9 que o &#8220;garoto ia aos domingos \u00e0 igreja de sua cidade e levava com ele um barbante. Durante a missa, amarrava as pessoas umas \u00e0s outras, pelos passantes das roupas, sem que elas percebessem&#8221;. Nas chamadas, hinos entoados durante o ritual da UDV, h\u00e1 refer\u00eancias constantes a Jesus e a v\u00e1rios santos cat\u00f3licos: a Virgem da Concei\u00e7\u00e3o, S\u00e3o Jo\u00e3o Batista, a Senhora Santana, S\u00e3o Cosmo e S\u00e3o Dami\u00e3o.<\/p>\n<p style=\"text-align: justify;\">Aos 13 anos de idade, em 1935, Jos\u00e9 vai trabalhar em Salvador. Emprega-se em diversos estabelecimentos comerciais. Aos 18 anos, presta servi\u00e7o militar voluntariamente na Pol\u00edcia Militar da Bahia, chegando em poucos meses \u00e0 patente de cabo de esquadra. Segundo seu irm\u00e3o Ant\u00f4nio, atualmente tamb\u00e9m mestre na UDV, Jos\u00e9 Gabriel &#8220;conheceu todas as religi\u00f5es, conheceu os terreiros de Salvador, andou por todas as religi\u00f5es procurando a realidade&#8221;. Segundo outro mestre, Jos\u00e9 iniciou na &#8220;ci\u00eancia esp\u00edrita&#8221; com apenas 14 anos. Provavelmente, esta informa\u00e7\u00e3o refere-se \u00e0 participa\u00e7\u00e3o de Jos\u00e9 em terreiros de candombl\u00e9, e n\u00e3o em centros kardecistas, com os quais entretanto ele tamb\u00e9m entrou em contato, s\u00f3 que posteriormente, ainda quando morava em Salvador.<\/p>\n<p style=\"text-align: justify;\">Segundo o pesquisador Afr\u00e2nio Patroc\u00ednio de Andrade, Jos\u00e9 Gabriel freq\u00fcentou sess\u00f5es esp\u00edritas kardecistas na Bahia . Foi, ali\u00e1s, em Salvador que teve in\u00edcio o espiritismo kardecista no Brasil, no ano de 1865. Lu\u00eds Ol\u00edmpio Teles de Menezes fundou nesse ano o centro esp\u00edrita Grupo Familiar do Espiritismo. De acordo com Patroc\u00ednio de Andrade, certos temas recorrentes na Uni\u00e3o do Vegetal poderiam ter sido colhidos do espiritismo kardecista. Antes de mais nada, a vis\u00e3o reencarnacionista, um dos eixos fundamentais da vis\u00e3o de mundo da UDV. Assim como o lema &#8220;Luz, Paz e Amor&#8221;, denominado o &#8220;s\u00edmbolo da Uni\u00e3o&#8221;, poderia provir dos temas esp\u00edritas da &#8220;luz interior&#8221;, da &#8220;paz de esp\u00edrito&#8221; e do &#8220;amor ao pr\u00f3ximo&#8221; (ou caridade). A pr\u00f3pria \u00eanfase na &#8220;Uni\u00e3o&#8221; \u00e9 freq\u00fcente entre os esp\u00edritas no Brasil.<\/p>\n<p><a title=\"O Capoeirista\" href=\"https:\/\/www.cdiluzdovegetal.com.br\/?page_id=67\">Pr\u00f3xima p\u00e1gina -&gt;<\/a><\/p>\n","protected":false},"excerpt":{"rendered":"<p>No dia 10 de fevereiro de 1922, na localidade de Cora\u00e7\u00e3o de Maria, pr\u00f3xima a Feira de Santana, Bahia, nasce Jos\u00e9 Gabriel [&hellip;]<\/p>\n","protected":false},"author":1,"featured_media":0,"parent":58,"menu_order":0,"comment_status":"open","ping_status":"open","template":"page-templates\/page_fullwidth.php","meta":{"footnotes":""},"class_list":["post-64","page","type-page","status-publish","hentry"],"_links":{"self":[{"href":"https:\/\/www.cdiluzdovegetal.com.br\/index.php?rest_route=\/wp\/v2\/pages\/64","targetHints":{"allow":["GET"]}}],"collection":[{"href":"https:\/\/www.cdiluzdovegetal.com.br\/index.php?rest_route=\/wp\/v2\/pages"}],"about":[{"href":"https:\/\/www.cdiluzdovegetal.com.br\/index.php?rest_route=\/wp\/v2\/types\/page"}],"author":[{"embeddable":true,"href":"https:\/\/www.cdiluzdovegetal.com.br\/index.php?rest_route=\/wp\/v2\/users\/1"}],"replies":[{"embeddable":true,"href":"https:\/\/www.cdiluzdovegetal.com.br\/index.php?rest_route=%2Fwp%2Fv2%2Fcomments&post=64"}],"version-history":[{"count":4,"href":"https:\/\/www.cdiluzdovegetal.com.br\/index.php?rest_route=\/wp\/v2\/pages\/64\/revisions"}],"predecessor-version":[{"id":1715,"href":"https:\/\/www.cdiluzdovegetal.com.br\/index.php?rest_route=\/wp\/v2\/pages\/64\/revisions\/1715"}],"up":[{"embeddable":true,"href":"https:\/\/www.cdiluzdovegetal.com.br\/index.php?rest_route=\/wp\/v2\/pages\/58"}],"wp:attachment":[{"href":"https:\/\/www.cdiluzdovegetal.com.br\/index.php?rest_route=%2Fwp%2Fv2%2Fmedia&parent=64"}],"curies":[{"name":"wp","href":"https:\/\/api.w.org\/{rel}","templated":true}]}}

José

<p><a href="https://www.cdiluzdovegetal.com.br/wp-content/uploads/2011/07/mgabriel.jpg"><img loading="lazy" decoding="async" class="alignleft wp-image-889 " src="https://www.cdiluzdovegetal.com.br/wp-content/uploads/2011/07/mgabriel-253x300.jpg" alt="mgabriel" width="272" height="323" srcset="https://www.cdiluzdovegetal.com.br/wp-content/uploads/2011/07/mgabriel-253x300.jpg 253w, https://www.cdiluzdovegetal.com.br/wp-content/uploads/2011/07/mgabriel.jpg 273w" sizes="auto, (max-width: 272px) 100vw, 272px" /></a></p>
<p>No dia 10 de fevereiro de 1922, na localidade de Coração de Maria, próxima a Feira de Santana, Bahia, nasce José Gabriel da Costa. Filho de Manuel Gabriel da Costa e Prima Feliciana da Costa, José nasce em uma numerosa família de treze irmãos: João, Dionísio, Otacílio, Pedro, Romão, Maria, &#8220;Miúda&#8221;, José Gabriel, &#8220;Sinhá&#8221;, Alfredo, Antônio, Maximiano, Hipólito.</p>
<p>No livro União do Vegetal: Hoasca; Fundamentos e Objetivos, o único texto editado para o grande público até o momento pela instituição, apenas três páginas tratam da vida do fundador da UDV. Assim, tivemos de buscar informações junto a parentes e outras pessoas que com ele conviveram, além de pesquisar no jornal Alto Falante, do Departamento de Memória e Documentação da UDV.</p>
<p>Segundo seus parentes, desde pequeno, José já se destacava como alguém especial. Contam que ainda criança, ele auxiliou uma mulher com dificuldades de parto. O bebê se encontrava mal posicionado e a parteira temia que morressem mãe e filho. José entra no quarto, manda todos saírem, tranca a porta e logo em seguida a destranca. Quando o menino abre a porta, simultaneamente nasce a criança.</p>
<p style="text-align: justify;">Na década de 20, o menino José cresce em um meio rural fortemente marcado pelo catolicismo popular. Uma recordação que narram de sua infância é que o &#8220;garoto ia aos domingos à igreja de sua cidade e levava com ele um barbante. Durante a missa, amarrava as pessoas umas às outras, pelos passantes das roupas, sem que elas percebessem&#8221;. Nas chamadas, hinos entoados durante o ritual da UDV, há referências constantes a Jesus e a vários santos católicos: a Virgem da Conceição, São João Batista, a Senhora Santana, São Cosmo e São Damião.</p>
<p style="text-align: justify;">Aos 13 anos de idade, em 1935, José vai trabalhar em Salvador. Emprega-se em diversos estabelecimentos comerciais. Aos 18 anos, presta serviço militar voluntariamente na Polícia Militar da Bahia, chegando em poucos meses à patente de cabo de esquadra. Segundo seu irmão Antônio, atualmente também mestre na UDV, José Gabriel &#8220;conheceu todas as religiões, conheceu os terreiros de Salvador, andou por todas as religiões procurando a realidade&#8221;. Segundo outro mestre, José iniciou na &#8220;ciência espírita&#8221; com apenas 14 anos. Provavelmente, esta informação refere-se à participação de José em terreiros de candomblé, e não em centros kardecistas, com os quais entretanto ele também entrou em contato, só que posteriormente, ainda quando morava em Salvador.</p>
<p style="text-align: justify;">Segundo o pesquisador Afrânio Patrocínio de Andrade, José Gabriel freqüentou sessões espíritas kardecistas na Bahia . Foi, aliás, em Salvador que teve início o espiritismo kardecista no Brasil, no ano de 1865. Luís Olímpio Teles de Menezes fundou nesse ano o centro espírita Grupo Familiar do Espiritismo. De acordo com Patrocínio de Andrade, certos temas recorrentes na União do Vegetal poderiam ter sido colhidos do espiritismo kardecista. Antes de mais nada, a visão reencarnacionista, um dos eixos fundamentais da visão de mundo da UDV. Assim como o lema &#8220;Luz, Paz e Amor&#8221;, denominado o &#8220;símbolo da União&#8221;, poderia provir dos temas espíritas da &#8220;luz interior&#8221;, da &#8220;paz de espírito&#8221; e do &#8220;amor ao próximo&#8221; (ou caridade). A própria ênfase na &#8220;União&#8221; é freqüente entre os espíritas no Brasil.</p>
<p><a title="O Capoeirista" href="https://www.cdiluzdovegetal.com.br/?page_id=67">Próxima página -&gt;</a></p>

<p>No dia 10 de fevereiro de 1922, na localidade de Coração de Maria, próxima a Feira de Santana, Bahia, nasce José Gabriel [&hellip;]</p>
