{"id":828,"date":"2014-11-20T16:49:23","date_gmt":"2014-11-20T18:49:23","guid":{"rendered":"http:\/\/www.luzdovegetal.com.br\/?page_id=828"},"modified":"2022-05-21T16:15:46","modified_gmt":"2022-05-21T16:15:46","slug":"sociologia","status":"publish","type":"page","link":"https:\/\/www.cdiluzdovegetal.com.br\/?page_id=828","title":{"rendered":"Sociologia"},"content":{"rendered":"<p><a href=\"https:\/\/www.cdiluzdovegetal.com.br\/wp-content\/uploads\/2014\/11\/siteceuazulayahuasca4.jpg\"><img loading=\"lazy\" decoding=\"async\" class=\"alignleft wp-image-967 size-thumbnail\" src=\"https:\/\/www.cdiluzdovegetal.com.br\/wp-content\/uploads\/2014\/11\/siteceuazulayahuasca4-150x150.jpg\" alt=\"ceremony\" width=\"150\" height=\"150\" \/><\/a>Este ch\u00e1 vem sendo utilizado h\u00e1 muitos s\u00e9culos por muitas tribos e comunidades amaz\u00f4nicas, em regi\u00e3o brasileira e e nos outros pa\u00edses que compartilham a floresta amaz\u00f4nica.<\/p>\n<p>O seu uso por esses povos, tradicionalmente, est\u00e1 vinculado a rituais religiosos e a partir dos anos 70 e 80 vem sendo disseminado nas demais regi\u00f5es do pa\u00eds e at\u00e9 mesmo nos Estados Unidos e Europa, com muito bons resultados no desenvolvimento mental, social, intelectual e afetivo.<\/p>\n","protected":false},"excerpt":{"rendered":"<p>Este ch\u00e1 vem sendo utilizado h\u00e1 muitos s\u00e9culos por muitas tribos e comunidades amaz\u00f4nicas, em regi\u00e3o brasileira e e nos outros pa\u00edses [&hellip;]<\/p>\n","protected":false},"author":1,"featured_media":0,"parent":0,"menu_order":0,"comment_status":"open","ping_status":"open","template":"page-templates\/page_fullwidth.php","meta":{"footnotes":""},"class_list":["post-828","page","type-page","status-publish","hentry"],"_links":{"self":[{"href":"https:\/\/www.cdiluzdovegetal.com.br\/index.php?rest_route=\/wp\/v2\/pages\/828","targetHints":{"allow":["GET"]}}],"collection":[{"href":"https:\/\/www.cdiluzdovegetal.com.br\/index.php?rest_route=\/wp\/v2\/pages"}],"about":[{"href":"https:\/\/www.cdiluzdovegetal.com.br\/index.php?rest_route=\/wp\/v2\/types\/page"}],"author":[{"embeddable":true,"href":"https:\/\/www.cdiluzdovegetal.com.br\/index.php?rest_route=\/wp\/v2\/users\/1"}],"replies":[{"embeddable":true,"href":"https:\/\/www.cdiluzdovegetal.com.br\/index.php?rest_route=%2Fwp%2Fv2%2Fcomments&post=828"}],"version-history":[{"count":1,"href":"https:\/\/www.cdiluzdovegetal.com.br\/index.php?rest_route=\/wp\/v2\/pages\/828\/revisions"}],"predecessor-version":[{"id":968,"href":"https:\/\/www.cdiluzdovegetal.com.br\/index.php?rest_route=\/wp\/v2\/pages\/828\/revisions\/968"}],"wp:attachment":[{"href":"https:\/\/www.cdiluzdovegetal.com.br\/index.php?rest_route=%2Fwp%2Fv2%2Fmedia&parent=828"}],"curies":[{"name":"wp","href":"https:\/\/api.w.org\/{rel}","templated":true}]}}

<p><a href="https://www.cdiluzdovegetal.com.br/wp-content/uploads/2014/11/siteceuazulayahuasca4.jpg"><img loading="lazy" decoding="async" class="alignleft wp-image-967 size-thumbnail" src="https://www.cdiluzdovegetal.com.br/wp-content/uploads/2014/11/siteceuazulayahuasca4-150x150.jpg" alt="ceremony" width="150" height="150" /></a>Este chá vem sendo utilizado há muitos séculos por muitas tribos e comunidades amazônicas, em região brasileira e e nos outros países que compartilham a floresta amazônica.</p>
<p>O seu uso por esses povos, tradicionalmente, está vinculado a rituais religiosos e a partir dos anos 70 e 80 vem sendo disseminado nas demais regiões do país e até mesmo nos Estados Unidos e Europa, com muito bons resultados no desenvolvimento mental, social, intelectual e afetivo.</p>

<p>Este chá vem sendo utilizado há muitos séculos por muitas tribos e comunidades amazônicas, em região brasileira e e nos outros países [&hellip;]</p>
