{"id":86,"date":"2011-07-09T21:00:02","date_gmt":"2011-07-09T21:00:02","guid":{"rendered":"http:\/\/www.agenciaterra.com\/clientes\/ldv\/?page_id=86"},"modified":"2022-05-21T17:55:34","modified_gmt":"2022-05-21T17:55:34","slug":"conclusao","status":"publish","type":"page","link":"https:\/\/www.cdiluzdovegetal.com.br\/?page_id=86","title":{"rendered":"Conclus\u00e3o"},"content":{"rendered":"<p><a href=\"https:\/\/www.cdiluzdovegetal.com.br\/wp-content\/uploads\/2011\/07\/mestregabriel1.jpg\"><img loading=\"lazy\" decoding=\"async\" class=\"alignleft wp-image-892 \" src=\"https:\/\/www.cdiluzdovegetal.com.br\/wp-content\/uploads\/2011\/07\/mestregabriel1-300x213.jpg\" alt=\"mestregabriel\" width=\"346\" height=\"246\" srcset=\"https:\/\/www.cdiluzdovegetal.com.br\/wp-content\/uploads\/2011\/07\/mestregabriel1-300x213.jpg 300w, https:\/\/www.cdiluzdovegetal.com.br\/wp-content\/uploads\/2011\/07\/mestregabriel1.jpg 692w\" sizes=\"auto, (max-width: 346px) 100vw, 346px\" \/><\/a><\/p>\n<p style=\"text-align: justify;\">Descrevendo-se em largos tra\u00e7os a vida de Jos\u00e9 Gabriel da Costa, fica patente a sua participa\u00e7\u00e3o numa larga seq\u00fc\u00eancia de configura\u00e7\u00f5es culturais muito pr\u00f3prias da sociedade brasileira: o catolicismo popular rural do interior da Bahia, a capoeiragem e os cultos afro-brasileiros de Salvador, a vida sofrida de seringueiro na Amaz\u00f4nia, a experi\u00eancia de incorpora\u00e7\u00e3o dos cultos de caboclo, o transe xam\u00e2nico do hoasqueiro, e, finalmente, a atua\u00e7\u00e3o carism\u00e1tica do fundador de um novo movimento religioso.<\/p>\n<p style=\"text-align: justify;\">A maleabilidade, a destreza, a vivacidade e a ginga da capoeira contribu\u00edram para que Jos\u00e9 Gabriel viesse a elaborar uma inovadora s\u00edntese de diversos elementos culturais e religiosos, num culto profundamente adaptado \u00e0 realidade s\u00f3cio-cultural amaz\u00f4nica. E n\u00e3o apenas adaptado a esta, mas com virtualidades para se expandir por todo o Brasil, exatamente por ser constitu\u00eddo por uma cria\u00e7\u00e3o vigorosa que se apropriou de configura\u00e7\u00f5es provenientes de diversas regi\u00f5es brasileiras.<\/p>\n<p style=\"text-align: justify;\">O que ensina Gilberto Freyre pode inspirar a conclus\u00e3o deste texto: &#8220;Verificou-se entre n\u00f3s uma profunda confraterniza\u00e7\u00e3o de valores e de sentimentos. Predominantemente coletivistas, os vindos das senzalas; puxando para o individualismo e para o privatismo, os das casas-grandes. Confraterniza\u00e7\u00e3o que dificilmente se teria realizado se outro tipo de cristianismo tivesse dominado a forma\u00e7\u00e3o social do Brasil; um tipo mais clerical, mais asc\u00e9tico, mais ortodoxo; calvinista ou rigidamente cat\u00f3lico; diverso da religi\u00e3o doce, dom\u00e9stica, de rela\u00e7\u00f5es quase de fam\u00edlia entre os santos e os homens, que das capelas patriarcais das casas-grandes, das igrejas sempre em festas &#8211; batizados, casamentos, \u2018festas de bandeira\u2019 de santos, crismas, novenas &#8211; presidiu o desenvolvimento social brasileiro.&#8221;<\/p>\n<p style=\"text-align: justify;\">Jos\u00e9 Gabriel da Costa, nascido nessa sociedade propensa a hibridismos, plena de plasticidade e inclusividade, elabora uma nova religi\u00e3o que tamb\u00e9m \u00e9 &#8220;doce&#8221;, na medida em que privilegia o sentir e propicia ao indiv\u00edduo espa\u00e7o para que ele pr\u00f3prio construa suas reinven\u00e7\u00f5es criativas.<\/p>\n","protected":false},"excerpt":{"rendered":"<p>Descrevendo-se em largos tra\u00e7os a vida de Jos\u00e9 Gabriel da Costa, fica patente a sua participa\u00e7\u00e3o numa larga seq\u00fc\u00eancia de configura\u00e7\u00f5es culturais [&hellip;]<\/p>\n","protected":false},"author":1,"featured_media":0,"parent":58,"menu_order":0,"comment_status":"open","ping_status":"open","template":"page-templates\/page_fullwidth.php","meta":{"footnotes":""},"class_list":["post-86","page","type-page","status-publish","hentry"],"_links":{"self":[{"href":"https:\/\/www.cdiluzdovegetal.com.br\/index.php?rest_route=\/wp\/v2\/pages\/86","targetHints":{"allow":["GET"]}}],"collection":[{"href":"https:\/\/www.cdiluzdovegetal.com.br\/index.php?rest_route=\/wp\/v2\/pages"}],"about":[{"href":"https:\/\/www.cdiluzdovegetal.com.br\/index.php?rest_route=\/wp\/v2\/types\/page"}],"author":[{"embeddable":true,"href":"https:\/\/www.cdiluzdovegetal.com.br\/index.php?rest_route=\/wp\/v2\/users\/1"}],"replies":[{"embeddable":true,"href":"https:\/\/www.cdiluzdovegetal.com.br\/index.php?rest_route=%2Fwp%2Fv2%2Fcomments&post=86"}],"version-history":[{"count":4,"href":"https:\/\/www.cdiluzdovegetal.com.br\/index.php?rest_route=\/wp\/v2\/pages\/86\/revisions"}],"predecessor-version":[{"id":1728,"href":"https:\/\/www.cdiluzdovegetal.com.br\/index.php?rest_route=\/wp\/v2\/pages\/86\/revisions\/1728"}],"up":[{"embeddable":true,"href":"https:\/\/www.cdiluzdovegetal.com.br\/index.php?rest_route=\/wp\/v2\/pages\/58"}],"wp:attachment":[{"href":"https:\/\/www.cdiluzdovegetal.com.br\/index.php?rest_route=%2Fwp%2Fv2%2Fmedia&parent=86"}],"curies":[{"name":"wp","href":"https:\/\/api.w.org\/{rel}","templated":true}]}}

Conclusão

<p><a href="https://www.cdiluzdovegetal.com.br/wp-content/uploads/2011/07/mestregabriel1.jpg"><img loading="lazy" decoding="async" class="alignleft wp-image-892 " src="https://www.cdiluzdovegetal.com.br/wp-content/uploads/2011/07/mestregabriel1-300x213.jpg" alt="mestregabriel" width="346" height="246" srcset="https://www.cdiluzdovegetal.com.br/wp-content/uploads/2011/07/mestregabriel1-300x213.jpg 300w, https://www.cdiluzdovegetal.com.br/wp-content/uploads/2011/07/mestregabriel1.jpg 692w" sizes="auto, (max-width: 346px) 100vw, 346px" /></a></p>
<p style="text-align: justify;">Descrevendo-se em largos traços a vida de José Gabriel da Costa, fica patente a sua participação numa larga seqüência de configurações culturais muito próprias da sociedade brasileira: o catolicismo popular rural do interior da Bahia, a capoeiragem e os cultos afro-brasileiros de Salvador, a vida sofrida de seringueiro na Amazônia, a experiência de incorporação dos cultos de caboclo, o transe xamânico do hoasqueiro, e, finalmente, a atuação carismática do fundador de um novo movimento religioso.</p>
<p style="text-align: justify;">A maleabilidade, a destreza, a vivacidade e a ginga da capoeira contribuíram para que José Gabriel viesse a elaborar uma inovadora síntese de diversos elementos culturais e religiosos, num culto profundamente adaptado à realidade sócio-cultural amazônica. E não apenas adaptado a esta, mas com virtualidades para se expandir por todo o Brasil, exatamente por ser constituído por uma criação vigorosa que se apropriou de configurações provenientes de diversas regiões brasileiras.</p>
<p style="text-align: justify;">O que ensina Gilberto Freyre pode inspirar a conclusão deste texto: &#8220;Verificou-se entre nós uma profunda confraternização de valores e de sentimentos. Predominantemente coletivistas, os vindos das senzalas; puxando para o individualismo e para o privatismo, os das casas-grandes. Confraternização que dificilmente se teria realizado se outro tipo de cristianismo tivesse dominado a formação social do Brasil; um tipo mais clerical, mais ascético, mais ortodoxo; calvinista ou rigidamente católico; diverso da religião doce, doméstica, de relações quase de família entre os santos e os homens, que das capelas patriarcais das casas-grandes, das igrejas sempre em festas &#8211; batizados, casamentos, ‘festas de bandeira’ de santos, crismas, novenas &#8211; presidiu o desenvolvimento social brasileiro.&#8221;</p>
<p style="text-align: justify;">José Gabriel da Costa, nascido nessa sociedade propensa a hibridismos, plena de plasticidade e inclusividade, elabora uma nova religião que também é &#8220;doce&#8221;, na medida em que privilegia o sentir e propicia ao indivíduo espaço para que ele próprio construa suas reinvenções criativas.</p>

<p>Descrevendo-se em largos traços a vida de José Gabriel da Costa, fica patente a sua participação numa larga seqüência de configurações culturais [&hellip;]</p>
